{"id":976,"date":"2019-03-21T08:58:05","date_gmt":"2019-03-21T07:58:05","guid":{"rendered":"http:\/\/lemuseedelacolo.fr\/?page_id=976"},"modified":"2020-02-29T14:55:11","modified_gmt":"2020-02-29T13:55:11","slug":"2019-03-mars-la-loi-des-pionniers","status":"publish","type":"page","link":"https:\/\/lemuseedelacolo.fr\/?page_id=976","title":{"rendered":"2019 02 F\u00e9vrier : La loi des pionniers"},"content":{"rendered":"\n<p>C&rsquo;est en cherchant des cartes postales de colonies de vacances, que j&rsquo;ai trouv\u00e9 cette carte (non postale mais de m\u00eame format) pr\u00e9sentant d&rsquo;un cot\u00e9 un dessin et de l&rsquo;autre \u00ab\u00a0la loi des jeunes pionniers\u00a0\u00bb. Il s&rsquo;agit d&rsquo;un document datant probablement de l&rsquo;entre-deux-guerres et qui vient des Bouches-du-Rh\u00f4ne.<\/p>\n\n\n\n<figure class=\"wp-block-image\"><img loading=\"lazy\" decoding=\"async\" width=\"1024\" height=\"632\" src=\"https:\/\/lemuseedelacolo.fr\/wp-content\/uploads\/2019\/03\/img974-1024x632.jpg\" alt=\"\" class=\"wp-image-977\" srcset=\"https:\/\/lemuseedelacolo.fr\/wp-content\/uploads\/2019\/03\/img974-1024x632.jpg 1024w, https:\/\/lemuseedelacolo.fr\/wp-content\/uploads\/2019\/03\/img974-300x185.jpg 300w, https:\/\/lemuseedelacolo.fr\/wp-content\/uploads\/2019\/03\/img974-768x474.jpg 768w, https:\/\/lemuseedelacolo.fr\/wp-content\/uploads\/2019\/03\/img974-624x385.jpg 624w, https:\/\/lemuseedelacolo.fr\/wp-content\/uploads\/2019\/03\/img974.jpg 1632w\" sizes=\"auto, (max-width: 1024px) 100vw, 1024px\" \/><\/figure>\n\n\n\n<p>La plupart des mouvements ou \u0153uvres de jeunesse avaient un r\u00e8glement interne et une \u00ab\u00a0loi\u00a0\u00bb que les jeunes devaient respecter. On pense souvent \u00e0 la loi scoute (en fait, aux lois scoutes car elles n&rsquo;\u00e9taient pas exactement les m\u00eames suivant le scoutisme), mais d&rsquo;autres mouvements en avaient une aussi.<\/p>\n\n\n\n<p>Si chaque loi avait des articles proches concernant la sant\u00e9, le moral, la famille, la solidarit\u00e9, le courage&#8230; Il y avait aussi des articles qui \u00e9taient bien sp\u00e9cifiques au mouvement. Ainsi, chez les pionniers de France, la loi (qui est inscrite au verso de la carte) insiste beaucoup sur la cause ouvri\u00e8re et le socialisme. Un article a particuli\u00e8rement retenu notre attention, puisqu&rsquo;il traite des autres mouvements : \u00a0\u00bb <em>S&rsquo;il<\/em> (le pionnier) <em>lutte contre la religion, la guerre et le fascisme, il tend la main aux enfants des travailleurs \u00e9gar\u00e9s dans les patronages religieux et chez les boy-scouts.<\/em>\u00ab\u00a0<\/p>\n\n\n\n<p><\/p>\n","protected":false},"excerpt":{"rendered":"<p>C&rsquo;est en cherchant des cartes postales de colonies de vacances, que j&rsquo;ai trouv\u00e9 cette carte (non postale mais de m\u00eame format) pr\u00e9sentant d&rsquo;un cot\u00e9 un dessin et de l&rsquo;autre \u00ab\u00a0la loi des jeunes pionniers\u00a0\u00bb. Il s&rsquo;agit d&rsquo;un document datant probablement de l&rsquo;entre-deux-guerres et qui vient des Bouches-du-Rh\u00f4ne. La plupart des mouvements ou \u0153uvres de jeunesse [&hellip;]<\/p>\n","protected":false},"author":3,"featured_media":0,"parent":1013,"menu_order":0,"comment_status":"closed","ping_status":"closed","template":"","meta":{"footnotes":""},"class_list":["post-976","page","type-page","status-publish","hentry"],"_links":{"self":[{"href":"https:\/\/lemuseedelacolo.fr\/index.php?rest_route=\/wp\/v2\/pages\/976","targetHints":{"allow":["GET"]}}],"collection":[{"href":"https:\/\/lemuseedelacolo.fr\/index.php?rest_route=\/wp\/v2\/pages"}],"about":[{"href":"https:\/\/lemuseedelacolo.fr\/index.php?rest_route=\/wp\/v2\/types\/page"}],"author":[{"embeddable":true,"href":"https:\/\/lemuseedelacolo.fr\/index.php?rest_route=\/wp\/v2\/users\/3"}],"replies":[{"embeddable":true,"href":"https:\/\/lemuseedelacolo.fr\/index.php?rest_route=%2Fwp%2Fv2%2Fcomments&post=976"}],"version-history":[{"count":2,"href":"https:\/\/lemuseedelacolo.fr\/index.php?rest_route=\/wp\/v2\/pages\/976\/revisions"}],"predecessor-version":[{"id":980,"href":"https:\/\/lemuseedelacolo.fr\/index.php?rest_route=\/wp\/v2\/pages\/976\/revisions\/980"}],"up":[{"embeddable":true,"href":"https:\/\/lemuseedelacolo.fr\/index.php?rest_route=\/wp\/v2\/pages\/1013"}],"wp:attachment":[{"href":"https:\/\/lemuseedelacolo.fr\/index.php?rest_route=%2Fwp%2Fv2%2Fmedia&parent=976"}],"curies":[{"name":"wp","href":"https:\/\/api.w.org\/{rel}","templated":true}]}}