{"id":932,"date":"2018-02-20T18:53:49","date_gmt":"2018-02-20T17:53:49","guid":{"rendered":"http:\/\/lemuseedelacolo.fr\/?page_id=932"},"modified":"2019-02-04T16:32:53","modified_gmt":"2019-02-04T15:32:53","slug":"2018-01-une-annee-mouvementee","status":"publish","type":"page","link":"https:\/\/lemuseedelacolo.fr\/?page_id=932","title":{"rendered":"2018 01 : une ann\u00e9e bien remplie"},"content":{"rendered":"<p>En ce d\u00e9but d&rsquo;ann\u00e9e, il est bon de faire un point sur l&rsquo;ann\u00e9e \u00e9coul\u00e9e.<\/p>\n<p>En 2017, nous avons continu\u00e9 \u00e0 sauvegarder des objets, des livres, des disques&#8230; Pour la plupart, tout est num\u00e9ris\u00e9. Nous avons re\u00e7u plusieurs dons d&rsquo;organismes locaux et nationaux, mais surtout de particuliers. Parmi tout cela, il y a de nombreuses trouvailles, sur lesquelles il faudra \u00e9crire quelques pages. Nous avons aussi re\u00e7u quelques anciens venus rechercher des souvenirs (photos) de leur colo.<\/p>\n<p>Nous avons pr\u00eat\u00e9 quelques objets au Conseil G\u00e9n\u00e9ral de Vend\u00e9e pour son exposition sur le tourisme. Nous avons aussi particip\u00e9 \u00e0 une recherche universitaire.<\/p>\n<p>2018 a bien commenc\u00e9. Outre un ancien d&rsquo;une colonies des Alpes-Maritimes qui a pu se retrouver en photo, nous avons \u00e9t\u00e9 contact\u00e9 par un chercheur Italien et par un \u00e9tudiant suisse.<\/p>\n<p>Bref, on continue.<\/p>\n<p>&nbsp;<\/p>\n","protected":false},"excerpt":{"rendered":"<p>En ce d\u00e9but d&rsquo;ann\u00e9e, il est bon de faire un point sur l&rsquo;ann\u00e9e \u00e9coul\u00e9e. En 2017, nous avons continu\u00e9 \u00e0 sauvegarder des objets, des livres, des disques&#8230; Pour la plupart, tout est num\u00e9ris\u00e9. Nous avons re\u00e7u plusieurs dons d&rsquo;organismes locaux et nationaux, mais surtout de particuliers. Parmi tout cela, il y a de nombreuses trouvailles, [&hellip;]<\/p>\n","protected":false},"author":3,"featured_media":0,"parent":961,"menu_order":0,"comment_status":"closed","ping_status":"closed","template":"","meta":{"footnotes":""},"class_list":["post-932","page","type-page","status-publish","hentry"],"_links":{"self":[{"href":"https:\/\/lemuseedelacolo.fr\/index.php?rest_route=\/wp\/v2\/pages\/932","targetHints":{"allow":["GET"]}}],"collection":[{"href":"https:\/\/lemuseedelacolo.fr\/index.php?rest_route=\/wp\/v2\/pages"}],"about":[{"href":"https:\/\/lemuseedelacolo.fr\/index.php?rest_route=\/wp\/v2\/types\/page"}],"author":[{"embeddable":true,"href":"https:\/\/lemuseedelacolo.fr\/index.php?rest_route=\/wp\/v2\/users\/3"}],"replies":[{"embeddable":true,"href":"https:\/\/lemuseedelacolo.fr\/index.php?rest_route=%2Fwp%2Fv2%2Fcomments&post=932"}],"version-history":[{"count":2,"href":"https:\/\/lemuseedelacolo.fr\/index.php?rest_route=\/wp\/v2\/pages\/932\/revisions"}],"predecessor-version":[{"id":934,"href":"https:\/\/lemuseedelacolo.fr\/index.php?rest_route=\/wp\/v2\/pages\/932\/revisions\/934"}],"up":[{"embeddable":true,"href":"https:\/\/lemuseedelacolo.fr\/index.php?rest_route=\/wp\/v2\/pages\/961"}],"wp:attachment":[{"href":"https:\/\/lemuseedelacolo.fr\/index.php?rest_route=%2Fwp%2Fv2%2Fmedia&parent=932"}],"curies":[{"name":"wp","href":"https:\/\/api.w.org\/{rel}","templated":true}]}}