{"id":854,"date":"2016-08-24T17:37:16","date_gmt":"2016-08-24T16:37:16","guid":{"rendered":"http:\/\/lemuseedelacolo.fr\/?page_id=854"},"modified":"2017-09-06T16:47:10","modified_gmt":"2017-09-06T15:47:10","slug":"2016-6-juin-deja-20-ans","status":"publish","type":"page","link":"https:\/\/lemuseedelacolo.fr\/?page_id=854","title":{"rendered":"2016-6 juin : d\u00e9j\u00e0 20 ans"},"content":{"rendered":"<p>Il y a juste 20 ans (le 14 juin) que nous avons organis\u00e9 notre premi\u00e8re exposition sur l&rsquo;histoire des colonies de vacances. Nous, nous \u00e9tions l&rsquo;association Actanim et l&rsquo;exposition a eu lieu \u00e0 Sospel, au ch\u00e2teau de l&rsquo;Agaisen pendant la f\u00eate de l&rsquo;animation organis\u00e9e par l&rsquo;Ufcv C\u00f4te d&rsquo;Azur.<\/p>\n<p>Ensuite l&rsquo;exposition a \u00e9t\u00e9 expos\u00e9e au centre socioculturel de Mandelieu-la Napoule (C.J.C.L.) durant un mois.<\/p>\n<p>Puis nous avons entam\u00e9 une nouvelle d\u00e9marche afin de cr\u00e9er une association pour g\u00e9rer cette exposition : Le mus\u00e9e de la colo \u00e9tait n\u00e9.<\/p>\n","protected":false},"excerpt":{"rendered":"<p>Il y a juste 20 ans (le 14 juin) que nous avons organis\u00e9 notre premi\u00e8re exposition sur l&rsquo;histoire des colonies de vacances. Nous, nous \u00e9tions l&rsquo;association Actanim et l&rsquo;exposition a eu lieu \u00e0 Sospel, au ch\u00e2teau de l&rsquo;Agaisen pendant la f\u00eate de l&rsquo;animation organis\u00e9e par l&rsquo;Ufcv C\u00f4te d&rsquo;Azur. Ensuite l&rsquo;exposition a \u00e9t\u00e9 expos\u00e9e au centre [&hellip;]<\/p>\n","protected":false},"author":3,"featured_media":0,"parent":909,"menu_order":0,"comment_status":"closed","ping_status":"closed","template":"","meta":{"footnotes":""},"class_list":["post-854","page","type-page","status-publish","hentry"],"_links":{"self":[{"href":"https:\/\/lemuseedelacolo.fr\/index.php?rest_route=\/wp\/v2\/pages\/854","targetHints":{"allow":["GET"]}}],"collection":[{"href":"https:\/\/lemuseedelacolo.fr\/index.php?rest_route=\/wp\/v2\/pages"}],"about":[{"href":"https:\/\/lemuseedelacolo.fr\/index.php?rest_route=\/wp\/v2\/types\/page"}],"author":[{"embeddable":true,"href":"https:\/\/lemuseedelacolo.fr\/index.php?rest_route=\/wp\/v2\/users\/3"}],"replies":[{"embeddable":true,"href":"https:\/\/lemuseedelacolo.fr\/index.php?rest_route=%2Fwp%2Fv2%2Fcomments&post=854"}],"version-history":[{"count":1,"href":"https:\/\/lemuseedelacolo.fr\/index.php?rest_route=\/wp\/v2\/pages\/854\/revisions"}],"predecessor-version":[{"id":855,"href":"https:\/\/lemuseedelacolo.fr\/index.php?rest_route=\/wp\/v2\/pages\/854\/revisions\/855"}],"up":[{"embeddable":true,"href":"https:\/\/lemuseedelacolo.fr\/index.php?rest_route=\/wp\/v2\/pages\/909"}],"wp:attachment":[{"href":"https:\/\/lemuseedelacolo.fr\/index.php?rest_route=%2Fwp%2Fv2%2Fmedia&parent=854"}],"curies":[{"name":"wp","href":"https:\/\/api.w.org\/{rel}","templated":true}]}}