{"id":85,"date":"2012-10-31T17:46:54","date_gmt":"2012-10-31T16:46:54","guid":{"rendered":"http:\/\/lemuseedelacolo.fr\/?page_id=85"},"modified":"2015-01-14T19:14:41","modified_gmt":"2015-01-14T18:14:41","slug":"nnnn","status":"publish","type":"page","link":"https:\/\/lemuseedelacolo.fr\/?page_id=85","title":{"rendered":"Le fonds Courcelles"},"content":{"rendered":"<p>Lors\u00a0d&rsquo;une intervention d&rsquo;Eric Carton \u00e0 Courcelles, La maison de Courcelles lui a confi\u00e9 un fonds de plus de 1741 diapositives. Celles-ci sont num\u00e9ris\u00e9es. Elles pr\u00e9sentent la colo de 1978 \u00e0 1996.<\/p>\n<p>Cette colo, c\u00e9l\u00e8bre, va avoir un deuxi\u00e8me livre qui devrait \u00eatre publi\u00e9 en 2015, sous la direction de Jean-Marie Bataille. Nos conseillons \u00e0 nos lecteurs d&rsquo;aller sur le site \u00ab\u00a0La maison de Courcelles\u00a0\u00bb pour en savoir plus sur cette Colo et sa p\u00e9dagogie de la libert\u00e9.<\/p>\n<p>La maison en 1985<\/p>\n<p><a href=\"https:\/\/lemuseedelacolo.fr\/wp-content\/uploads\/2012\/10\/03-85-33b.jpg\"><img loading=\"lazy\" decoding=\"async\" class=\"aligncenter size-medium wp-image-179\" title=\"03-85-33b\" src=\"https:\/\/lemuseedelacolo.fr\/wp-content\/uploads\/2012\/10\/03-85-33b-199x300.jpg\" alt=\"\" width=\"199\" height=\"300\" srcset=\"https:\/\/lemuseedelacolo.fr\/wp-content\/uploads\/2012\/10\/03-85-33b-199x300.jpg 199w, https:\/\/lemuseedelacolo.fr\/wp-content\/uploads\/2012\/10\/03-85-33b-682x1024.jpg 682w, https:\/\/lemuseedelacolo.fr\/wp-content\/uploads\/2012\/10\/03-85-33b.jpg 1199w\" sizes=\"auto, (max-width: 199px) 100vw, 199px\" \/><\/a><\/p>\n","protected":false},"excerpt":{"rendered":"<p>Lors\u00a0d&rsquo;une intervention d&rsquo;Eric Carton \u00e0 Courcelles, La maison de Courcelles lui a confi\u00e9 un fonds de plus de 1741 diapositives. Celles-ci sont num\u00e9ris\u00e9es. Elles pr\u00e9sentent la colo de 1978 \u00e0 1996. Cette colo, c\u00e9l\u00e8bre, va avoir un deuxi\u00e8me livre qui devrait \u00eatre publi\u00e9 en 2015, sous la direction de Jean-Marie Bataille. Nos conseillons \u00e0 nos [&hellip;]<\/p>\n","protected":false},"author":3,"featured_media":0,"parent":7,"menu_order":0,"comment_status":"closed","ping_status":"closed","template":"","meta":{"footnotes":""},"class_list":["post-85","page","type-page","status-publish","hentry"],"_links":{"self":[{"href":"https:\/\/lemuseedelacolo.fr\/index.php?rest_route=\/wp\/v2\/pages\/85","targetHints":{"allow":["GET"]}}],"collection":[{"href":"https:\/\/lemuseedelacolo.fr\/index.php?rest_route=\/wp\/v2\/pages"}],"about":[{"href":"https:\/\/lemuseedelacolo.fr\/index.php?rest_route=\/wp\/v2\/types\/page"}],"author":[{"embeddable":true,"href":"https:\/\/lemuseedelacolo.fr\/index.php?rest_route=\/wp\/v2\/users\/3"}],"replies":[{"embeddable":true,"href":"https:\/\/lemuseedelacolo.fr\/index.php?rest_route=%2Fwp%2Fv2%2Fcomments&post=85"}],"version-history":[{"count":10,"href":"https:\/\/lemuseedelacolo.fr\/index.php?rest_route=\/wp\/v2\/pages\/85\/revisions"}],"predecessor-version":[{"id":782,"href":"https:\/\/lemuseedelacolo.fr\/index.php?rest_route=\/wp\/v2\/pages\/85\/revisions\/782"}],"up":[{"embeddable":true,"href":"https:\/\/lemuseedelacolo.fr\/index.php?rest_route=\/wp\/v2\/pages\/7"}],"wp:attachment":[{"href":"https:\/\/lemuseedelacolo.fr\/index.php?rest_route=%2Fwp%2Fv2%2Fmedia&parent=85"}],"curies":[{"name":"wp","href":"https:\/\/api.w.org\/{rel}","templated":true}]}}