{"id":826,"date":"2015-07-30T17:50:14","date_gmt":"2015-07-30T16:50:14","guid":{"rendered":"http:\/\/lemuseedelacolo.fr\/?page_id=826"},"modified":"2015-07-30T17:50:14","modified_gmt":"2015-07-30T16:50:14","slug":"des-colonies-dorigine-protestantes","status":"publish","type":"page","link":"https:\/\/lemuseedelacolo.fr\/?page_id=826","title":{"rendered":"des colonies d&rsquo;origine protestantes"},"content":{"rendered":"<p>Nous commen\u00e7ons notre pr\u00e9sentation des colonies des Alpes-Maritimes par les <span style=\"color: #ff0000;\">colonies d&rsquo;origine protestantes<\/span>, parce que, au niveau de notre recherche, elles seraient les plus anciennes.<\/p>\n<p>La premi\u00e8re date de 1906 ou 1907. Elle concerne les enfants du d\u00e9partement et a \u00e9t\u00e9 cr\u00e9\u00e9e par un pasteur exer\u00e7ant \u00e0 Nice. Cette colo s&rsquo;est d\u00e9plac\u00e9e dans le d\u00e9partement. Cr\u00e9\u00e9e \u00e0 Saint L\u00e9ger, elle va ensuite \u00e0 Berthemont puis \u00e0 Saint-Martin V\u00e9subie. Le local existe toujours, m\u00eame si l&rsquo;association n&rsquo;organise plus de colos depuis quelques ann\u00e9es. Le texte ci-apr\u00e8s pr\u00e9sente les recherches d&rsquo;un groupe d&rsquo;\u00e9tudiants.<\/p>\n<p><a href=\"https:\/\/lemuseedelacolo.fr\/wp-content\/uploads\/2015\/07\/Les-enfants-\u00e0-la-montagne.pdf\">Les enfants \u00e0 la montagne<\/a><\/p>\n<p>Cette association\u00a0va avoir des liens avec Menton. Puis Il y aura une colonie sp\u00e9cifique \u00ab\u00a0les enfants mentonnais \u00e0 la montagne\u00a0\u00bb qui a eu lieu \u00e0 Fontan. Puis cette colo est devenue celle de la caisse des \u00e9coles de Menton. Elle est maintenant ferm\u00e9e.<\/p>\n<p>Nous avons constat\u00e9 que le nom des \u00ab\u00a0enfants \u00e0 la montagne\u00a0\u00bb \u00e9tait utilis\u00e9 par une colonie de Saint-Laurent-du-Var \u00e0 Saint-Dalmas d&rsquo;Entraunes, mais nous ne savons pas s&rsquo;il y avait des liens.<\/p>\n<p>Il y a eu aussi une colonie organis\u00e9e par les Unions chr\u00e9tiennes de jeunes filles au Roc Fleuri \u00e0 Gr\u00e9oli\u00e8res (c&rsquo;\u00e9tait aussi une pension de famille, un accueil de jeunes filles&#8230;). Le b\u00e2timent a ensuite accueilli une colo de grasse (la cit\u00e9 Sainte-Th\u00e9r\u00e8se) et est maintenant une maison priv\u00e9e.<\/p>\n<p>Il y a surement d&rsquo;autres colonies, mais nous ne les avons pas encore identifi\u00e9es.<\/p>\n","protected":false},"excerpt":{"rendered":"<p>Nous commen\u00e7ons notre pr\u00e9sentation des colonies des Alpes-Maritimes par les colonies d&rsquo;origine protestantes, parce que, au niveau de notre recherche, elles seraient les plus anciennes. La premi\u00e8re date de 1906 ou 1907. Elle concerne les enfants du d\u00e9partement et a \u00e9t\u00e9 cr\u00e9\u00e9e par un pasteur exer\u00e7ant \u00e0 Nice. Cette colo s&rsquo;est d\u00e9plac\u00e9e dans le d\u00e9partement. [&hellip;]<\/p>\n","protected":false},"author":3,"featured_media":0,"parent":812,"menu_order":0,"comment_status":"open","ping_status":"open","template":"","meta":{"footnotes":""},"class_list":["post-826","page","type-page","status-publish","hentry"],"_links":{"self":[{"href":"https:\/\/lemuseedelacolo.fr\/index.php?rest_route=\/wp\/v2\/pages\/826","targetHints":{"allow":["GET"]}}],"collection":[{"href":"https:\/\/lemuseedelacolo.fr\/index.php?rest_route=\/wp\/v2\/pages"}],"about":[{"href":"https:\/\/lemuseedelacolo.fr\/index.php?rest_route=\/wp\/v2\/types\/page"}],"author":[{"embeddable":true,"href":"https:\/\/lemuseedelacolo.fr\/index.php?rest_route=\/wp\/v2\/users\/3"}],"replies":[{"embeddable":true,"href":"https:\/\/lemuseedelacolo.fr\/index.php?rest_route=%2Fwp%2Fv2%2Fcomments&post=826"}],"version-history":[{"count":1,"href":"https:\/\/lemuseedelacolo.fr\/index.php?rest_route=\/wp\/v2\/pages\/826\/revisions"}],"predecessor-version":[{"id":828,"href":"https:\/\/lemuseedelacolo.fr\/index.php?rest_route=\/wp\/v2\/pages\/826\/revisions\/828"}],"up":[{"embeddable":true,"href":"https:\/\/lemuseedelacolo.fr\/index.php?rest_route=\/wp\/v2\/pages\/812"}],"wp:attachment":[{"href":"https:\/\/lemuseedelacolo.fr\/index.php?rest_route=%2Fwp%2Fv2%2Fmedia&parent=826"}],"curies":[{"name":"wp","href":"https:\/\/api.w.org\/{rel}","templated":true}]}}