{"id":812,"date":"2015-07-09T15:18:53","date_gmt":"2015-07-09T14:18:53","guid":{"rendered":"http:\/\/lemuseedelacolo.fr\/?page_id=812"},"modified":"2015-07-09T17:55:08","modified_gmt":"2015-07-09T16:55:08","slug":"les-colos-des-alpes-maritimes","status":"publish","type":"page","link":"https:\/\/lemuseedelacolo.fr\/?page_id=812","title":{"rendered":"Les colos des Alpes-Maritimes"},"content":{"rendered":"<p style=\"text-align: justify;\"><span style=\"color: #ff0000;\">Le d\u00e9partement des Alpes-Maritimes est un lieu id\u00e9al pour l&rsquo;\u00e9tudes des colonies de vacances<\/span>, centres de vacances et s\u00e9jours de vacances. L&rsquo;\u00e9quipe du Mus\u00e9e de la colo a donc d\u00e9cid\u00e9 de consacrer plusieurs pages aux nombreuses colonies maralpines.<\/p>\n<p style=\"text-align: justify;\">Nos motivations sont de plusieurs ordres :<\/p>\n<p style=\"text-align: justify;\">&#8211; le d\u00e9partement est \u00e0 la fois mer et montagne. Les enfants du littoral pouvaient aller en colo en montagne en ne s&rsquo;\u00e9loignant que de quelques dizaines de kilom\u00e8tres ;<\/p>\n<p style=\"text-align: justify;\">&#8211; une position du Conseil G\u00e9n\u00e9ral des ann\u00e9es 1930 incite les organisateurs de colos des Alpes-Maritimes \u00e0 s&rsquo;implanter dans le m\u00eame d\u00e9partement (il n&rsquo;y a pas de raisons d&rsquo;aller dans un autre d\u00e9partement). L&rsquo;\u00e9tude est maintenant facilit\u00e9e par la proximit\u00e9 ;<\/p>\n<p style=\"text-align: justify;\">&#8211; on trouve toutes sortes de colos (voir listes ci-dessous) ;<\/p>\n<p style=\"text-align: justify;\">&#8211; les archives du Conseil D\u00e9partemental comprennent de nombreuses donn\u00e9es, notamment toutes les d\u00e9clarations de colos et les listes des enfants de 1939 \u00e0 1960 ;<\/p>\n<p style=\"text-align: justify;\">&#8211; le mus\u00e9e de la colo a d\u00e9j\u00e0 regroup\u00e9 de nombreux documents sur ces colos ;<\/p>\n<p style=\"text-align: justify;\">&#8211; enfin, les colonies de vacances sont oubli\u00e9es dans\u00a0les diff\u00e9rentes recherches d\u00e9partementales que ce soit au niveau du tourisme, du parc de Mercantour, de l&rsquo;\u00e9tude du haut-pays&#8230; Il est pourtant \u00e9vident qu&rsquo;elles ont eu une importance dans la connaissance du moyen et haut pays pour les habitants du littoral et ce durant tout le XX\u00e8me si\u00e8cle.<\/p>\n<p style=\"text-align: justify;\">Nous avons compt\u00e9 pour de 250 b\u00e2timents ayant accueillis des colonies de vacances (et nous en avons retrouv\u00e9 plus de 100 pour l&rsquo;instant).<\/p>\n<p style=\"text-align: justify;\">Les diff\u00e9rent types de colos des Alpes-Maritimes sont :<\/p>\n<p style=\"text-align: justify;\">&#8211; <span style=\"color: #ff0000;\">des colonies municipales<\/span> (souvent appel\u00e9es colonies scolaires) comme pour la ville de Nice les colos d&rsquo;Isola, de Sospel, du Bor\u00e9on, de la Brigue ; pour Cannes et Antibes des colos \u00e0 Saint Vallier de Thiey ; pour Menton la colo de Fontan ; pour Cagnes-sur-Mer la colo d&rsquo;Andon&#8230; (la liste est\u00a0longue). Plusieurs villes d&rsquo;autres d\u00e9partements ont eu aussi leur colo dans le 06 (comme Evreux \u00e0 Peira-Cava)<\/p>\n<p style=\"text-align: justify;\">&#8211; <span style=\"color: #ff0000;\">des colonies d\u00e9partementales<\/span>, dans les ann\u00e9es 60 le Conseil g\u00e9n\u00e9ral des Alpes-Maritimes a construit 3 \u00e9coles des Neiges (Auron, Valberg et la Colmiane). Ces \u00e9coles ont accueilli des colonies de vacances l&rsquo;\u00e9t\u00e9 ;<\/p>\n<p style=\"text-align: justify;\">&#8211; <span style=\"color: #ff0000;\">des colonies d&rsquo;origines protestantes<\/span>, la premi\u00e8re colonie des Alpes-Maritimes serait n\u00e9e en 1906 ou 1907. Elle a \u00e9t\u00e9 cr\u00e9\u00e9 par un pasteur sous le nom des \u00ab\u00a0enfants \u00e0 la montagne\u00a0\u00bb<\/p>\n<p style=\"text-align: justify;\">&#8211; <span style=\"color: #ff0000;\">des colonies d&rsquo;origines catholiques<\/span>, elles sont tr\u00e8s nombreuses. Citons Don Bosco (5 ou 6 colonies diff\u00e9rentes), La fl\u00e8che \u00e0 Sospel&#8230;, la cit\u00e9 Sainte-Th\u00e9r\u00e8se \u00e0 Saint-Auban, l&rsquo;Etoile saint-Barth\u00e9l\u00e9my \u00e0 Guillaumes, Notre Maison \u00e0 Berthemont, La semeuse \u00e0 la gordolasque&#8230;<\/p>\n<p style=\"text-align: justify;\">&#8211; <span style=\"color: #ff0000;\">des colonies la\u00efques<\/span> comme le CEJAM \u00e0 Rimplas puis \u00e0 Valdeblore, La ligue de l&rsquo;enseignement \u00e0 La Boll\u00e8ne-V\u00e9subie, les anciens combattants \u00e0 Saint-Martin V\u00e9subie, Bendejun et Esteing&#8230;<\/p>\n<p style=\"text-align: justify;\">&#8211; <span style=\"color: #ff0000;\">des colonies communistes<\/span> notamment les Vaillants \u00e0\u00a0\u00e0 Saint-C\u00e9zaire puis \u00e0 la Gordolasque ;<\/p>\n<p style=\"text-align: justify;\">&#8211; <span style=\"color: #ff0000;\">des colonies de comit\u00e9 d&rsquo;entreprise<\/span> comme la SNCF (Antibes, Cannes, Fontan, La Brigue, Tende, Saint-Dalmas de Tende), l&rsquo;EDF (Saint-Martin V\u00e9subie), \u00a0Sud Aviation (puis l&rsquo;a\u00e9rospatiale \u00e0 Gr\u00e9oli\u00e8res)&#8230;<\/p>\n<p style=\"text-align: justify;\">&#8211; <span style=\"color: #ff0000;\">des colonies de mouvements de jeunesse<\/span> comme les coeurs-vaillants qui ont eu des colos \u00e0 Moulinet et \u00e0 Sospel, Les \u00e9claireurs \u00e0 saint-Auban, les scouts de France \u00e0 Malamaire&#8230;<\/p>\n<p style=\"text-align: justify;\">&#8211; <span style=\"color: #ff0000;\">des colonies dans des b\u00e2timents militaires<\/span> comme \u00e0 Breil, Sospel, Peira-cava, les granges de la Brasque&#8230; et des colonies li\u00e9es \u00e0 l&rsquo;arm\u00e9e (IGESA) ;<\/p>\n<p style=\"text-align: justify;\">&#8211; <span style=\"color: #ff0000;\">des colonies sanitaires<\/span>, notamment les assurances sociales de Marseille \u00e0 Thorenc<\/p>\n<p style=\"text-align: justify;\">&#8211; <span style=\"color: #ff0000;\">des colonies sociales<\/span> notamment le CCAS de Nice \u00e0 Berthemont, la C.A.F. aux Granges de la Brasque (et au Fugeret, \u00e0 la limite du d\u00e9partement)<\/p>\n<p style=\"text-align: justify;\">&#8211; <span style=\"color: #ff0000;\">des colonies priv\u00e9es<\/span>. Nous avons eu plusieurs Homes d&rsquo;enfants notamment les Chamois \u00e0 Valdeblore.<\/p>\n<p style=\"text-align: justify;\">&#8211; <span style=\"color: #ff0000;\">des colonies \u00e9trang\u00e8res<\/span> comme Monaco \u00e0 Peira-Cava et peut-\u00eatre \u00e0 Valdeblore, la ville de Li\u00e8ge \u00e0 Gr\u00e9oli\u00e8res&#8230;<\/p>\n<p style=\"text-align: justify;\">Certaines de ces colonies ont d\u00e9velopp\u00e9 des m\u00e9thodes p\u00e9dagogiques sp\u00e9cifiques qui m\u00e9ritent de ne pas \u00eatre oubli\u00e9es comme la r\u00e9publique des jeunes (C.L.A.J. Nice) ; le village des enfants (Colonie de Roquebrune Cap-Martin \u00e0 Sainte-Agn\u00e8s) ; les francs-travail de l&rsquo;enfance populaire (et probablement de la colonie de Carros)&#8230;<\/p>\n","protected":false},"excerpt":{"rendered":"<p>Le d\u00e9partement des Alpes-Maritimes est un lieu id\u00e9al pour l&rsquo;\u00e9tudes des colonies de vacances, centres de vacances et s\u00e9jours de vacances. L&rsquo;\u00e9quipe du Mus\u00e9e de la colo a donc d\u00e9cid\u00e9 de consacrer plusieurs pages aux nombreuses colonies maralpines. Nos motivations sont de plusieurs ordres : &#8211; le d\u00e9partement est \u00e0 la fois mer et montagne. [&hellip;]<\/p>\n","protected":false},"author":3,"featured_media":0,"parent":0,"menu_order":0,"comment_status":"open","ping_status":"open","template":"","meta":{"footnotes":""},"class_list":["post-812","page","type-page","status-publish","hentry"],"_links":{"self":[{"href":"https:\/\/lemuseedelacolo.fr\/index.php?rest_route=\/wp\/v2\/pages\/812","targetHints":{"allow":["GET"]}}],"collection":[{"href":"https:\/\/lemuseedelacolo.fr\/index.php?rest_route=\/wp\/v2\/pages"}],"about":[{"href":"https:\/\/lemuseedelacolo.fr\/index.php?rest_route=\/wp\/v2\/types\/page"}],"author":[{"embeddable":true,"href":"https:\/\/lemuseedelacolo.fr\/index.php?rest_route=\/wp\/v2\/users\/3"}],"replies":[{"embeddable":true,"href":"https:\/\/lemuseedelacolo.fr\/index.php?rest_route=%2Fwp%2Fv2%2Fcomments&post=812"}],"version-history":[{"count":3,"href":"https:\/\/lemuseedelacolo.fr\/index.php?rest_route=\/wp\/v2\/pages\/812\/revisions"}],"predecessor-version":[{"id":815,"href":"https:\/\/lemuseedelacolo.fr\/index.php?rest_route=\/wp\/v2\/pages\/812\/revisions\/815"}],"wp:attachment":[{"href":"https:\/\/lemuseedelacolo.fr\/index.php?rest_route=%2Fwp%2Fv2%2Fmedia&parent=812"}],"curies":[{"name":"wp","href":"https:\/\/api.w.org\/{rel}","templated":true}]}}