{"id":805,"date":"2015-02-08T18:35:05","date_gmt":"2015-02-08T17:35:05","guid":{"rendered":"http:\/\/lemuseedelacolo.fr\/?page_id=805"},"modified":"2017-11-09T18:30:50","modified_gmt":"2017-11-09T17:30:50","slug":"2015-2-fevrier-les-recherches-avancent","status":"publish","type":"page","link":"https:\/\/lemuseedelacolo.fr\/?page_id=805","title":{"rendered":"2015-2 : F\u00e9vrier les recherches avancent"},"content":{"rendered":"<p style=\"text-align: justify;\">Nous avons commenc\u00e9 en janvier \u00e0 organiser nos recherches. Nous avons fix\u00e9 les premi\u00e8res colos sur lesquelles nous allons travailler (nous avons privil\u00e9gi\u00e9 les associations qui nous ont remis des documents) :<\/p>\n<p>&#8211; Saint-Pascal (Nice Cimiez) \u00e0 Moulinet ;<\/p>\n<p>&#8211; Le Cejam (Nice) \u00e0 Rimplas puis \u00e0 Valdeblore ;<\/p>\n<p>&#8211; Les enfants \u00e0 la montagne (Nice et Alpes-Maritimes) \u00e0 Saint-L\u00e9ger, puis Berthemont et enfin Saint-Martin V\u00e9subie ;<\/p>\n<p>&#8211; Le patronage Saint-Pierre (Don Bosco, Nice) \u00e0 Caussols ;<\/p>\n<p style=\"text-align: justify;\">&#8211; La bonne Brise (Nice puis Menton) \u00e0 Castagniers ;<\/p>\n<p style=\"text-align: justify;\">Nous disposons de photos (anciennes et r\u00e9centes), de liste d&rsquo;enfants, de compte-rendus, de d\u00e9clarations de s\u00e9jours, des statuts&#8230; L&rsquo;objectif est de r\u00e9diger un document sur chacune d\u00e8s la mi-avril, tout en continuant \u00e0 regrouper des informations sur d&rsquo;autres colos&#8230; pour les travaux \u00e0 venir.<\/p>\n<p style=\"text-align: justify;\">Pour les informations sur l&rsquo;animation, Le comit\u00e9 d&rsquo;Histoire des minist\u00e8res charg\u00e9s de la jeunesse et des sports organise une journ\u00e9e sur les consultations de la jeunesse le 17 mars 2015 aux archives nationales (site de Pierrefitte-sur-Seine). L&rsquo;IUT de Nice organise une journ\u00e9e d&rsquo;\u00e9tude sur le jeu et l&rsquo;animation (les animateurs jouent-ils encore ?) le 27 mars \u00e0 Menton. Le programme sera diffus\u00e9 fin f\u00e9vrier.<\/p>\n","protected":false},"excerpt":{"rendered":"<p>Nous avons commenc\u00e9 en janvier \u00e0 organiser nos recherches. Nous avons fix\u00e9 les premi\u00e8res colos sur lesquelles nous allons travailler (nous avons privil\u00e9gi\u00e9 les associations qui nous ont remis des documents) : &#8211; Saint-Pascal (Nice Cimiez) \u00e0 Moulinet ; &#8211; Le Cejam (Nice) \u00e0 Rimplas puis \u00e0 Valdeblore ; &#8211; Les enfants \u00e0 la montagne [&hellip;]<\/p>\n","protected":false},"author":3,"featured_media":0,"parent":925,"menu_order":0,"comment_status":"open","ping_status":"open","template":"","meta":{"footnotes":""},"class_list":["post-805","page","type-page","status-publish","hentry"],"_links":{"self":[{"href":"https:\/\/lemuseedelacolo.fr\/index.php?rest_route=\/wp\/v2\/pages\/805","targetHints":{"allow":["GET"]}}],"collection":[{"href":"https:\/\/lemuseedelacolo.fr\/index.php?rest_route=\/wp\/v2\/pages"}],"about":[{"href":"https:\/\/lemuseedelacolo.fr\/index.php?rest_route=\/wp\/v2\/types\/page"}],"author":[{"embeddable":true,"href":"https:\/\/lemuseedelacolo.fr\/index.php?rest_route=\/wp\/v2\/users\/3"}],"replies":[{"embeddable":true,"href":"https:\/\/lemuseedelacolo.fr\/index.php?rest_route=%2Fwp%2Fv2%2Fcomments&post=805"}],"version-history":[{"count":1,"href":"https:\/\/lemuseedelacolo.fr\/index.php?rest_route=\/wp\/v2\/pages\/805\/revisions"}],"predecessor-version":[{"id":806,"href":"https:\/\/lemuseedelacolo.fr\/index.php?rest_route=\/wp\/v2\/pages\/805\/revisions\/806"}],"up":[{"embeddable":true,"href":"https:\/\/lemuseedelacolo.fr\/index.php?rest_route=\/wp\/v2\/pages\/925"}],"wp:attachment":[{"href":"https:\/\/lemuseedelacolo.fr\/index.php?rest_route=%2Fwp%2Fv2%2Fmedia&parent=805"}],"curies":[{"name":"wp","href":"https:\/\/api.w.org\/{rel}","templated":true}]}}