{"id":791,"date":"2015-01-14T20:20:02","date_gmt":"2015-01-14T19:20:02","guid":{"rendered":"http:\/\/lemuseedelacolo.fr\/?page_id=791"},"modified":"2015-01-14T20:21:06","modified_gmt":"2015-01-14T19:21:06","slug":"le-fonds-gugliemi","status":"publish","type":"page","link":"https:\/\/lemuseedelacolo.fr\/?page_id=791","title":{"rendered":"Le Fonds Gugli\u00e9mi"},"content":{"rendered":"<p><a href=\"https:\/\/lemuseedelacolo.fr\/wp-content\/uploads\/2015\/01\/img374.jpg\"><img loading=\"lazy\" decoding=\"async\" class=\"alignnone size-medium wp-image-792\" src=\"https:\/\/lemuseedelacolo.fr\/wp-content\/uploads\/2015\/01\/img374-300x215.jpg\" alt=\"img374\" width=\"300\" height=\"215\" srcset=\"https:\/\/lemuseedelacolo.fr\/wp-content\/uploads\/2015\/01\/img374-300x215.jpg 300w, https:\/\/lemuseedelacolo.fr\/wp-content\/uploads\/2015\/01\/img374-1024x734.jpg 1024w, https:\/\/lemuseedelacolo.fr\/wp-content\/uploads\/2015\/01\/img374-624x447.jpg 624w, https:\/\/lemuseedelacolo.fr\/wp-content\/uploads\/2015\/01\/img374.jpg 1632w\" sizes=\"auto, (max-width: 300px) 100vw, 300px\" \/><\/a>Le P\u00e8re Gugli\u00e9mi dirige depuis plusieurs ann\u00e9es le centre de vacances de l&rsquo;association l&rsquo;enfance populaire. Cette colo a \u00e9t\u00e9 cr\u00e9\u00e9e dans les ann\u00e9es 50 par le P\u00e8re Ferr\u00e9.<\/p>\n<p>Lors d&rsquo;une visite, nous avons emprunt\u00e9 un carton de 493 photos que nous avons num\u00e9ris\u00e9. C&rsquo;est aussi l\u00e0 que nous avons trouv\u00e9 les Francs-Travail qui auraient \u00e9t\u00e9 invent\u00e9s \u00e0 la colonie de Carros dans les ann\u00e9es 30.<\/p>\n","protected":false},"excerpt":{"rendered":"<p>Le P\u00e8re Gugli\u00e9mi dirige depuis plusieurs ann\u00e9es le centre de vacances de l&rsquo;association l&rsquo;enfance populaire. Cette colo a \u00e9t\u00e9 cr\u00e9\u00e9e dans les ann\u00e9es 50 par le P\u00e8re Ferr\u00e9. Lors d&rsquo;une visite, nous avons emprunt\u00e9 un carton de 493 photos que nous avons num\u00e9ris\u00e9. C&rsquo;est aussi l\u00e0 que nous avons trouv\u00e9 les Francs-Travail qui auraient \u00e9t\u00e9 [&hellip;]<\/p>\n","protected":false},"author":3,"featured_media":0,"parent":7,"menu_order":0,"comment_status":"open","ping_status":"open","template":"","meta":{"footnotes":""},"class_list":["post-791","page","type-page","status-publish","hentry"],"_links":{"self":[{"href":"https:\/\/lemuseedelacolo.fr\/index.php?rest_route=\/wp\/v2\/pages\/791","targetHints":{"allow":["GET"]}}],"collection":[{"href":"https:\/\/lemuseedelacolo.fr\/index.php?rest_route=\/wp\/v2\/pages"}],"about":[{"href":"https:\/\/lemuseedelacolo.fr\/index.php?rest_route=\/wp\/v2\/types\/page"}],"author":[{"embeddable":true,"href":"https:\/\/lemuseedelacolo.fr\/index.php?rest_route=\/wp\/v2\/users\/3"}],"replies":[{"embeddable":true,"href":"https:\/\/lemuseedelacolo.fr\/index.php?rest_route=%2Fwp%2Fv2%2Fcomments&post=791"}],"version-history":[{"count":1,"href":"https:\/\/lemuseedelacolo.fr\/index.php?rest_route=\/wp\/v2\/pages\/791\/revisions"}],"predecessor-version":[{"id":793,"href":"https:\/\/lemuseedelacolo.fr\/index.php?rest_route=\/wp\/v2\/pages\/791\/revisions\/793"}],"up":[{"embeddable":true,"href":"https:\/\/lemuseedelacolo.fr\/index.php?rest_route=\/wp\/v2\/pages\/7"}],"wp:attachment":[{"href":"https:\/\/lemuseedelacolo.fr\/index.php?rest_route=%2Fwp%2Fv2%2Fmedia&parent=791"}],"curies":[{"name":"wp","href":"https:\/\/api.w.org\/{rel}","templated":true}]}}