{"id":764,"date":"2014-11-11T19:03:24","date_gmt":"2014-11-11T18:03:24","guid":{"rendered":"http:\/\/lemuseedelacolo.fr\/?page_id=764"},"modified":"2017-11-09T18:26:23","modified_gmt":"2017-11-09T17:26:23","slug":"2014-11-novembre-un-nouveau-livre-sur-les-colo","status":"publish","type":"page","link":"https:\/\/lemuseedelacolo.fr\/?page_id=764","title":{"rendered":"2014-11 novembre : Un nouveau livre sur les colo"},"content":{"rendered":"<p>Mathias Gardet vient de signer un tr\u00e8s beau livre sur les colonies de vacances. Il a \u00e9t\u00e9 illustr\u00e9 par Julie Deffontaines (\u00e9dition du Cherche midi)<\/p>\n<p>C&rsquo;est un livre qui reprend les principaux moments des colonies de vacances. Les textes sont courts et tr\u00e8s bien illustr\u00e9s par des photos et des documents divers.\u00a0Le livre est \u00e0 la fois pr\u00e9cis et riche. Un tr\u00e8s bel outil pour parler des colos.<a href=\"https:\/\/lemuseedelacolo.fr\/wp-content\/uploads\/2014\/11\/img735.jpg\"><img loading=\"lazy\" decoding=\"async\" class=\"size-medium wp-image-765 aligncenter\" src=\"https:\/\/lemuseedelacolo.fr\/wp-content\/uploads\/2014\/11\/img735-256x300.jpg\" alt=\"img735\" width=\"256\" height=\"300\" srcset=\"https:\/\/lemuseedelacolo.fr\/wp-content\/uploads\/2014\/11\/img735-256x300.jpg 256w, https:\/\/lemuseedelacolo.fr\/wp-content\/uploads\/2014\/11\/img735-875x1024.jpg 875w, https:\/\/lemuseedelacolo.fr\/wp-content\/uploads\/2014\/11\/img735-624x729.jpg 624w\" sizes=\"auto, (max-width: 256px) 100vw, 256px\" \/><\/a><\/p>\n<p>L&rsquo;\u00e9quipe du Mus\u00e9e de la Colo a propos\u00e9 quelques documents (notamment des photos d&rsquo;Edmond Buchard). Il y aussi des documents du site R\u00e9tro-colo, du Pajep, du C\u00e9dias&#8230;<\/p>\n<p><a href=\"https:\/\/lemuseedelacolo.fr\/wp-content\/uploads\/2014\/11\/img735.jpg\">\u00a0<\/a><\/p>\n","protected":false},"excerpt":{"rendered":"<p>Mathias Gardet vient de signer un tr\u00e8s beau livre sur les colonies de vacances. Il a \u00e9t\u00e9 illustr\u00e9 par Julie Deffontaines (\u00e9dition du Cherche midi) C&rsquo;est un livre qui reprend les principaux moments des colonies de vacances. Les textes sont courts et tr\u00e8s bien illustr\u00e9s par des photos et des documents divers.\u00a0Le livre est \u00e0 [&hellip;]<\/p>\n","protected":false},"author":3,"featured_media":0,"parent":923,"menu_order":0,"comment_status":"open","ping_status":"open","template":"","meta":{"footnotes":""},"class_list":["post-764","page","type-page","status-publish","hentry"],"_links":{"self":[{"href":"https:\/\/lemuseedelacolo.fr\/index.php?rest_route=\/wp\/v2\/pages\/764","targetHints":{"allow":["GET"]}}],"collection":[{"href":"https:\/\/lemuseedelacolo.fr\/index.php?rest_route=\/wp\/v2\/pages"}],"about":[{"href":"https:\/\/lemuseedelacolo.fr\/index.php?rest_route=\/wp\/v2\/types\/page"}],"author":[{"embeddable":true,"href":"https:\/\/lemuseedelacolo.fr\/index.php?rest_route=\/wp\/v2\/users\/3"}],"replies":[{"embeddable":true,"href":"https:\/\/lemuseedelacolo.fr\/index.php?rest_route=%2Fwp%2Fv2%2Fcomments&post=764"}],"version-history":[{"count":1,"href":"https:\/\/lemuseedelacolo.fr\/index.php?rest_route=\/wp\/v2\/pages\/764\/revisions"}],"predecessor-version":[{"id":766,"href":"https:\/\/lemuseedelacolo.fr\/index.php?rest_route=\/wp\/v2\/pages\/764\/revisions\/766"}],"up":[{"embeddable":true,"href":"https:\/\/lemuseedelacolo.fr\/index.php?rest_route=\/wp\/v2\/pages\/923"}],"wp:attachment":[{"href":"https:\/\/lemuseedelacolo.fr\/index.php?rest_route=%2Fwp%2Fv2%2Fmedia&parent=764"}],"curies":[{"name":"wp","href":"https:\/\/api.w.org\/{rel}","templated":true}]}}