{"id":664,"date":"2014-04-06T17:11:06","date_gmt":"2014-04-06T16:11:06","guid":{"rendered":"http:\/\/lemuseedelacolo.fr\/?page_id=664"},"modified":"2014-04-06T17:44:32","modified_gmt":"2014-04-06T16:44:32","slug":"les-jeux-en-bois","status":"publish","type":"page","link":"https:\/\/lemuseedelacolo.fr\/?page_id=664","title":{"rendered":"les jeux en bois"},"content":{"rendered":"<p style=\"text-align: justify;\">Dans nos colos, comme dans toute activit\u00e9 d&rsquo;animation, le jeu est essentiel. Nous vous proposons quelques <span style=\"color: #ff0000;\">jeux (g\u00e9ants) en bois<\/span>. Vous trouverez les fiches pour les construire ainsi que les fiches avec les r\u00e8gles.<\/p>\n<p style=\"text-align: justify;\">Ces jeux ne sont pas vraiment invent\u00e9s, mais nous les avons adapt\u00e9s. Ils ont \u00e9t\u00e9 test\u00e9s par les Etudiants Animateurs sociaux et socioculturels de l&rsquo;IUT de Menton. C&rsquo;est \u00e0 dire qu&rsquo;ils ont fait les plans, les ont r\u00e9alis\u00e9s, les ont test\u00e9s (environ 300 enfants lors d&rsquo;une f\u00eate de no\u00ebl). L&rsquo;\u00e9valuation en a \u00e9t\u00e9 plut\u00f4t bonne, nous aurons cependant quelques am\u00e9liorations a apporter par la suite.<\/p>\n<p style=\"text-align: justify;\">Dans notre cahier des charges, les jeux devaient \u00eatre transportables dans une voiture (pas tous les jeux en m\u00eame temps, bien s\u00fbr). Aussi les pi\u00e8ces les plus importantes ne d\u00e9passent pas 1 m\u00b2, et les montants les plus longs ne d\u00e9passent pas deux m\u00e8tres.<\/p>\n<p style=\"text-align: justify;\">Pour les bricoleurs, vous pouvez sortir vos outils. Pour les autres sachez que de nombreuses structures louent ou vendent des jeux de ce type, indispensables pour les f\u00eates, kermesses&#8230;<\/p>\n<p style=\"text-align: justify;\"><a href=\"https:\/\/lemuseedelacolo.fr\/wp-content\/uploads\/2014\/04\/1-r\u00e2pe-\u00e0-fromage.pdf\">1 r\u00e2pe \u00e0 fromage<\/a>\u00a0; <a href=\"https:\/\/lemuseedelacolo.fr\/wp-content\/uploads\/2014\/04\/2-ballon-poubelle.pdf\">2 ballon poubelle<\/a>\u00a0; <a href=\"https:\/\/lemuseedelacolo.fr\/wp-content\/uploads\/2014\/04\/3-Chamboule-tout.pdf\">3 Chamboule tout<\/a>\u00a0; <a href=\"https:\/\/lemuseedelacolo.fr\/wp-content\/uploads\/2014\/04\/4-la-bonne-paire.pdf\">4 la bonne paire<\/a>\u00a0; <a href=\"https:\/\/lemuseedelacolo.fr\/wp-content\/uploads\/2014\/04\/5-lancer-danneaux.pdf\">5 lancer d&rsquo;anneaux<\/a>\u00a0; <a href=\"https:\/\/lemuseedelacolo.fr\/wp-content\/uploads\/2014\/04\/6-Le-Couloir-\u00e0-Grelots.pdf\">6 Le Couloir \u00e0 Grelots<\/a>\u00a0; <a href=\"https:\/\/lemuseedelacolo.fr\/wp-content\/uploads\/2014\/04\/7-Le-OK-Bois\u00e9.pdf\">7 Le OK Bois\u00e9<\/a>\u00a0; <a href=\"https:\/\/lemuseedelacolo.fr\/wp-content\/uploads\/2014\/04\/8-Le-Tangram.pdf\">8 Le Tangram<\/a>\u00a0; <a href=\"https:\/\/lemuseedelacolo.fr\/wp-content\/uploads\/2014\/04\/9-Les-4-align\u00e9s.pdf\">9 Les 4 align\u00e9s<\/a>\u00a0; <a href=\"https:\/\/lemuseedelacolo.fr\/wp-content\/uploads\/2014\/04\/10-Le-Mikado.pdf\">10 Le Mikado<\/a> ; <a href=\"https:\/\/lemuseedelacolo.fr\/wp-content\/uploads\/2014\/04\/11-le-petit-parcours.pdf\">11 le petit parcours<\/a><\/p>\n<p>Et voici les r\u00e8gles (celles-ci \u00e9taient affich\u00e9es afin que les joueurs soient autonomes). <a href=\"https:\/\/lemuseedelacolo.fr\/wp-content\/uploads\/2014\/04\/1-r\u00e8gle-La-rape-\u00e0-fromage.pdf\">1 r\u00e8gle La r\u00e2pe \u00e0 fromage<\/a>\u00a0 ;<a href=\"https:\/\/lemuseedelacolo.fr\/wp-content\/uploads\/2014\/04\/3-r\u00e8gle-chamboule-tout.pdf\">3 r\u00e8gle chamboule tout<\/a>\u00a0; <a href=\"https:\/\/lemuseedelacolo.fr\/wp-content\/uploads\/2014\/04\/4-r\u00e8gle-La-bonne-paire.pdf\">4 r\u00e8gle La bonne paire<\/a>\u00a0 ;\u00a0 <a href=\"https:\/\/lemuseedelacolo.fr\/wp-content\/uploads\/2014\/04\/5-r\u00e8gle-lancer-danneaux.pdf\">5 r\u00e8gle lancer d&rsquo;anneaux<\/a> ; <a href=\"https:\/\/lemuseedelacolo.fr\/wp-content\/uploads\/2014\/04\/6-r\u00e8gle-le-couloir-\u00e0-grelots.pdf\">6 r\u00e8gle le couloir \u00e0 grelots<\/a> ; <a href=\"https:\/\/lemuseedelacolo.fr\/wp-content\/uploads\/2014\/04\/7-r\u00e8gle-le-OK-bois\u00e9.pdf\">7 r\u00e8gle le OK bois\u00e9<\/a> ; <a href=\"https:\/\/lemuseedelacolo.fr\/wp-content\/uploads\/2014\/04\/8-r\u00e8gle-Tangram.pdf\">8 r\u00e8gle Tangram<\/a> ; <a href=\"https:\/\/lemuseedelacolo.fr\/wp-content\/uploads\/2014\/04\/9-r\u00e8gle-les-4-align\u00e9s.pdf\">9 r\u00e8gle les 4 align\u00e9s<\/a> ; <a href=\"https:\/\/lemuseedelacolo.fr\/wp-content\/uploads\/2014\/04\/10-r\u00e8gle-Mikado.pdf\">10 r\u00e8gle Mikado<\/a> ; <a href=\"https:\/\/lemuseedelacolo.fr\/wp-content\/uploads\/2014\/04\/11-r\u00e8gle-le-petit-parcours.pdf\">11 r\u00e8gle le petit parcours<\/a><\/p>\n<p>Il ne reste plus qu&rsquo;\u00e0 jouer&#8230;<\/p>\n","protected":false},"excerpt":{"rendered":"<p>Dans nos colos, comme dans toute activit\u00e9 d&rsquo;animation, le jeu est essentiel. Nous vous proposons quelques jeux (g\u00e9ants) en bois. Vous trouverez les fiches pour les construire ainsi que les fiches avec les r\u00e8gles. Ces jeux ne sont pas vraiment invent\u00e9s, mais nous les avons adapt\u00e9s. Ils ont \u00e9t\u00e9 test\u00e9s par les Etudiants Animateurs sociaux [&hellip;]<\/p>\n","protected":false},"author":3,"featured_media":0,"parent":171,"menu_order":0,"comment_status":"open","ping_status":"open","template":"","meta":{"footnotes":""},"class_list":["post-664","page","type-page","status-publish","hentry"],"_links":{"self":[{"href":"https:\/\/lemuseedelacolo.fr\/index.php?rest_route=\/wp\/v2\/pages\/664","targetHints":{"allow":["GET"]}}],"collection":[{"href":"https:\/\/lemuseedelacolo.fr\/index.php?rest_route=\/wp\/v2\/pages"}],"about":[{"href":"https:\/\/lemuseedelacolo.fr\/index.php?rest_route=\/wp\/v2\/types\/page"}],"author":[{"embeddable":true,"href":"https:\/\/lemuseedelacolo.fr\/index.php?rest_route=\/wp\/v2\/users\/3"}],"replies":[{"embeddable":true,"href":"https:\/\/lemuseedelacolo.fr\/index.php?rest_route=%2Fwp%2Fv2%2Fcomments&post=664"}],"version-history":[{"count":3,"href":"https:\/\/lemuseedelacolo.fr\/index.php?rest_route=\/wp\/v2\/pages\/664\/revisions"}],"predecessor-version":[{"id":688,"href":"https:\/\/lemuseedelacolo.fr\/index.php?rest_route=\/wp\/v2\/pages\/664\/revisions\/688"}],"up":[{"embeddable":true,"href":"https:\/\/lemuseedelacolo.fr\/index.php?rest_route=\/wp\/v2\/pages\/171"}],"wp:attachment":[{"href":"https:\/\/lemuseedelacolo.fr\/index.php?rest_route=%2Fwp%2Fv2%2Fmedia&parent=664"}],"curies":[{"name":"wp","href":"https:\/\/api.w.org\/{rel}","templated":true}]}}