{"id":651,"date":"2014-04-06T11:27:24","date_gmt":"2014-04-06T10:27:24","guid":{"rendered":"http:\/\/lemuseedelacolo.fr\/?page_id=651"},"modified":"2017-11-09T18:22:04","modified_gmt":"2017-11-09T17:22:04","slug":"2014-03-mars-2014","status":"publish","type":"page","link":"https:\/\/lemuseedelacolo.fr\/?page_id=651","title":{"rendered":"2014-03 Mars 2014 une expo sur les patronages"},"content":{"rendered":"<p style=\"text-align: justify;\">Le mois de mars est important pour l&rsquo;\u00e9quipe du Mus\u00e9e de la Colo puisque nous participons comme chaque ann\u00e9e \u00e0 un \u00e9v\u00e9nement avec le D\u00e9partement Carri\u00e8res sociales (Menton) de l&rsquo;IUT de Nice.<\/p>\n<p style=\"text-align: justify;\">Nous mettons \u00e0 disposition des \u00e9tudiants des objets en lien ave le th\u00e8me de leur exposition. Cette ann\u00e9e, ce sera \u00ab\u00a0<span style=\"color: #ff0000;\">Du patronage d&rsquo;enfants aux A.L.S.H.<\/span>\u00ab\u00a0. L&rsquo;exposition partira de l&rsquo;\u0153uvre de jeunesse Jean-Joseph Allemand pour aller \u00e0 la r\u00e9glementation de 2006 sur les A.L.S.H. en passant par les C\u0153urs-Vaillants, les Vaillants, les pionniers rouges, les patronages La\u00efques, Timon David, les Francas&#8230; La liste est dans le d\u00e9sordre, saurez-vous les remettre dans l&rsquo;ordre ?<\/p>\n<p style=\"text-align: justify;\">Notre deuxi\u00e8me actualit\u00e9 est notre participation au colloque sur \u00ab\u00a0<span style=\"color: #ff0000;\">Am\u00e9nagement des rythmes scolaires et animation<\/span>\u00ab\u00a0. Vous en saurez plus en allant sur la page du colloque.<\/p>\n<p style=\"text-align: justify;\">Pour laisser une image de ce mois, voici une photo du dernier fonds qu&rsquo;\u00e0 re\u00e7u le mus\u00e9e : Le fonds <span style=\"color: #ff0000;\">Saint Pascal<\/span>, association de C\u0153urs-Vaillants de Cimiez (un quartier de Nice)<\/p>\n<p>\u00a0<a href=\"https:\/\/lemuseedelacolo.fr\/wp-content\/uploads\/2014\/04\/img073.jpg\"><img loading=\"lazy\" decoding=\"async\" class=\"alignright size-medium wp-image-654\" src=\"https:\/\/lemuseedelacolo.fr\/wp-content\/uploads\/2014\/04\/img073-300x194.jpg\" alt=\"img073\" width=\"300\" height=\"194\" srcset=\"https:\/\/lemuseedelacolo.fr\/wp-content\/uploads\/2014\/04\/img073-300x194.jpg 300w, https:\/\/lemuseedelacolo.fr\/wp-content\/uploads\/2014\/04\/img073-1024x664.jpg 1024w, https:\/\/lemuseedelacolo.fr\/wp-content\/uploads\/2014\/04\/img073.jpg 1394w\" sizes=\"auto, (max-width: 300px) 100vw, 300px\" \/><\/a><\/p>\n","protected":false},"excerpt":{"rendered":"<p>Le mois de mars est important pour l&rsquo;\u00e9quipe du Mus\u00e9e de la Colo puisque nous participons comme chaque ann\u00e9e \u00e0 un \u00e9v\u00e9nement avec le D\u00e9partement Carri\u00e8res sociales (Menton) de l&rsquo;IUT de Nice. Nous mettons \u00e0 disposition des \u00e9tudiants des objets en lien ave le th\u00e8me de leur exposition. Cette ann\u00e9e, ce sera \u00ab\u00a0Du patronage d&rsquo;enfants [&hellip;]<\/p>\n","protected":false},"author":3,"featured_media":0,"parent":923,"menu_order":0,"comment_status":"open","ping_status":"open","template":"","meta":{"footnotes":""},"class_list":["post-651","page","type-page","status-publish","hentry"],"_links":{"self":[{"href":"https:\/\/lemuseedelacolo.fr\/index.php?rest_route=\/wp\/v2\/pages\/651","targetHints":{"allow":["GET"]}}],"collection":[{"href":"https:\/\/lemuseedelacolo.fr\/index.php?rest_route=\/wp\/v2\/pages"}],"about":[{"href":"https:\/\/lemuseedelacolo.fr\/index.php?rest_route=\/wp\/v2\/types\/page"}],"author":[{"embeddable":true,"href":"https:\/\/lemuseedelacolo.fr\/index.php?rest_route=\/wp\/v2\/users\/3"}],"replies":[{"embeddable":true,"href":"https:\/\/lemuseedelacolo.fr\/index.php?rest_route=%2Fwp%2Fv2%2Fcomments&post=651"}],"version-history":[{"count":6,"href":"https:\/\/lemuseedelacolo.fr\/index.php?rest_route=\/wp\/v2\/pages\/651\/revisions"}],"predecessor-version":[{"id":776,"href":"https:\/\/lemuseedelacolo.fr\/index.php?rest_route=\/wp\/v2\/pages\/651\/revisions\/776"}],"up":[{"embeddable":true,"href":"https:\/\/lemuseedelacolo.fr\/index.php?rest_route=\/wp\/v2\/pages\/923"}],"wp:attachment":[{"href":"https:\/\/lemuseedelacolo.fr\/index.php?rest_route=%2Fwp%2Fv2%2Fmedia&parent=651"}],"curies":[{"name":"wp","href":"https:\/\/api.w.org\/{rel}","templated":true}]}}

<p style="text-align: justify;">Le mois de mars est important pour l&rsquo;équipe du Musée de la Colo puisque nous participons comme chaque année à un événement avec le Département Carrières sociales (Menton) de l&rsquo;IUT de Nice.</p>
<p style="text-align: justify;">Nous mettons à disposition des étudiants des objets en lien ave le thème de leur exposition. Cette année, ce sera « <span style="color: #ff0000;">Du patronage d&rsquo;enfants aux A.L.S.H.</span>« . L&rsquo;exposition partira de l&rsquo;œuvre de jeunesse Jean-Joseph Allemand pour aller à la réglementation de 2006 sur les A.L.S.H. en passant par les Cœurs-Vaillants, les Vaillants, les pionniers rouges, les patronages Laïques, Timon David, les Francas&#8230; La liste est dans le désordre, saurez-vous les remettre dans l&rsquo;ordre ?</p>
<p style="text-align: justify;">Notre deuxième actualité est notre participation au colloque sur « <span style="color: #ff0000;">Aménagement des rythmes scolaires et animation</span>« . Vous en saurez plus en allant sur la page du colloque.</p>
<p style="text-align: justify;">Pour laisser une image de ce mois, voici une photo du dernier fonds qu&rsquo;à reçu le musée : Le fonds <span style="color: #ff0000;">Saint Pascal</span>, association de Cœurs-Vaillants de Cimiez (un quartier de Nice)</p>
<p> <a href="https://lemuseedelacolo.fr/wp-content/uploads/2014/04/img073.jpg"><img loading="lazy" decoding="async" class="alignright size-medium wp-image-654" src="https://lemuseedelacolo.fr/wp-content/uploads/2014/04/img073-300x194.jpg" alt="img073" width="300" height="194" srcset="https://lemuseedelacolo.fr/wp-content/uploads/2014/04/img073-300x194.jpg 300w, https://lemuseedelacolo.fr/wp-content/uploads/2014/04/img073-1024x664.jpg 1024w, https://lemuseedelacolo.fr/wp-content/uploads/2014/04/img073.jpg 1394w" sizes="auto, (max-width: 300px) 100vw, 300px" /></a></p>

<p>Le mois de mars est important pour l&rsquo;équipe du Musée de la Colo puisque nous participons comme chaque année à un événement avec le Département Carrières sociales (Menton) de l&rsquo;IUT de Nice. Nous mettons à disposition des étudiants des objets en lien ave le thème de leur exposition. Cette année, ce sera « Du patronage d&rsquo;enfants [&hellip;]</p>
