{"id":393,"date":"2010-10-11T12:27:53","date_gmt":"2010-10-11T11:27:53","guid":{"rendered":"http:\/\/lemuseedelacolo.fr\/?page_id=393"},"modified":"2014-08-13T18:21:41","modified_gmt":"2014-08-13T17:21:41","slug":"lettre-ouverte-des-chercheurs-de-lanimation","status":"publish","type":"page","link":"https:\/\/lemuseedelacolo.fr\/?page_id=393","title":{"rendered":"Lettre ouverte des chercheurs de l&rsquo;animation"},"content":{"rendered":"<p style=\"text-align: justify;\">Concernant l&rsquo;am\u00e9nagement des rythmes scolaires, de nombreux chercheurs du champ de l&rsquo;animation socioculturelle se sont r\u00e9unit en signant une <span style=\"color: #ff0000;\">lettre ouverte<\/span> adress\u00e9e aux Ministres en charge de la jeunesse et de l&rsquo;\u00e9ducation nationale.<\/p>\n<p style=\"text-align: justify;\">Les objectifs de cette lettre sont nombreux. Citons notamment la reconnaissance des qualifications professionnelles, la conduite d&rsquo;\u00e9tudes sur la mise en place de la r\u00e9forme&#8230;<\/p>\n<p style=\"text-align: justify;\">Il ne s&rsquo;agit pas de s&rsquo;opposer \u00e0 cette r\u00e9forme, ni d&rsquo;opposer les animateurs aux enseignants. Il s&rsquo;agit juste d&rsquo;essayer de faire au mieux pour que <span style=\"color: #ff0000;\">les enfants soient les vrais gagnants<\/span> et que les animateurs aient une\u00a0place dans la mise en oeuvre de cette r\u00e9forme.<\/p>\n<p style=\"text-align: justify;\">Nous devons bien s\u00fbr diff\u00e9rencier les animateurs occasionnels des animateurs permanents. Nous devons veiller aux savoirs n\u00e9cessaires pour ces nouvelles animations. Nous devons \u00e9viter que la r\u00e9forme soit mise en place avec un minimum\u00a0comme des animateurs Bafa pour surveiller des enfants pendant 3\/4 d&rsquo;heure de plus dans la cours de r\u00e9cr\u00e9ation.<\/p>\n<p>Vous pouvez lire la lettre des chercheurs :<br \/>\n<a href=\"https:\/\/lemuseedelacolo.fr\/wp-content\/uploads\/2013\/04\/Lettre-ouverte-de-34-chercheurs-aux-ministres.pdf\">Lettre ouverte de 34 chercheurs aux ministres<\/a><\/p>\n<p style=\"text-align: justify;\">Le minist\u00e8re des sports, de la jeunesse, de l&rsquo;\u00e9ducation populaire et de la vie associative a accus\u00e9 r\u00e9ception du courrier apr\u00e8s un peu plus d&rsquo;un mois. Mme la Ministre a transmis le courrier \u00e0 M. le Directeur de la jeunesse de l&rsquo;\u00e9ducation populaire et de la vie associative&#8230; qui lui n&rsquo;a pas r\u00e9pondu (d\u00e9j\u00e0 5 mois qu&rsquo;il a le courrier). Quand on entend les diff\u00e9rents probl\u00e8mes rencontr\u00e9s, comment un minist\u00e8re peut-il se passer d&rsquo;autant d&rsquo;experts ? La lettre du minist\u00e8re est ci-dessous.<\/p>\n<p style=\"text-align: justify;\"><a href=\"https:\/\/lemuseedelacolo.fr\/wp-content\/uploads\/2010\/10\/img338.jpg\"><img loading=\"lazy\" decoding=\"async\" class=\"alignright size-medium wp-image-621\" src=\"https:\/\/lemuseedelacolo.fr\/wp-content\/uploads\/2010\/10\/img338-190x300.jpg\" alt=\"img338\" width=\"190\" height=\"300\" srcset=\"https:\/\/lemuseedelacolo.fr\/wp-content\/uploads\/2010\/10\/img338-190x300.jpg 190w, https:\/\/lemuseedelacolo.fr\/wp-content\/uploads\/2010\/10\/img338-648x1024.jpg 648w\" sizes=\"auto, (max-width: 190px) 100vw, 190px\" \/><\/a><\/p>\n<p style=\"text-align: justify;\">Vous pouvez aussi nous laisser un commentaire ci-dessous.<\/p>\n<p style=\"text-align: justify;\">Enfin, si vous \u00eates animateurs, vous pouvez nous raconter comment se passe la pr\u00e9paration de ce nouveau temps dans votre commune et quelle place est laiss\u00e9e aux animateurs. Nous transmettrons au collectif des chercheurs (voir la page contact).<\/p>\n","protected":false},"excerpt":{"rendered":"<p>Concernant l&rsquo;am\u00e9nagement des rythmes scolaires, de nombreux chercheurs du champ de l&rsquo;animation socioculturelle se sont r\u00e9unit en signant une lettre ouverte adress\u00e9e aux Ministres en charge de la jeunesse et de l&rsquo;\u00e9ducation nationale. Les objectifs de cette lettre sont nombreux. Citons notamment la reconnaissance des qualifications professionnelles, la conduite d&rsquo;\u00e9tudes sur la mise en place [&hellip;]<\/p>\n","protected":false},"author":3,"featured_media":0,"parent":611,"menu_order":0,"comment_status":"open","ping_status":"open","template":"","meta":{"footnotes":""},"class_list":["post-393","page","type-page","status-publish","hentry"],"_links":{"self":[{"href":"https:\/\/lemuseedelacolo.fr\/index.php?rest_route=\/wp\/v2\/pages\/393","targetHints":{"allow":["GET"]}}],"collection":[{"href":"https:\/\/lemuseedelacolo.fr\/index.php?rest_route=\/wp\/v2\/pages"}],"about":[{"href":"https:\/\/lemuseedelacolo.fr\/index.php?rest_route=\/wp\/v2\/types\/page"}],"author":[{"embeddable":true,"href":"https:\/\/lemuseedelacolo.fr\/index.php?rest_route=\/wp\/v2\/users\/3"}],"replies":[{"embeddable":true,"href":"https:\/\/lemuseedelacolo.fr\/index.php?rest_route=%2Fwp%2Fv2%2Fcomments&post=393"}],"version-history":[{"count":14,"href":"https:\/\/lemuseedelacolo.fr\/index.php?rest_route=\/wp\/v2\/pages\/393\/revisions"}],"predecessor-version":[{"id":731,"href":"https:\/\/lemuseedelacolo.fr\/index.php?rest_route=\/wp\/v2\/pages\/393\/revisions\/731"}],"up":[{"embeddable":true,"href":"https:\/\/lemuseedelacolo.fr\/index.php?rest_route=\/wp\/v2\/pages\/611"}],"wp:attachment":[{"href":"https:\/\/lemuseedelacolo.fr\/index.php?rest_route=%2Fwp%2Fv2%2Fmedia&parent=393"}],"curies":[{"name":"wp","href":"https:\/\/api.w.org\/{rel}","templated":true}]}}