{"id":388,"date":"2013-04-09T19:52:33","date_gmt":"2013-04-09T18:52:33","guid":{"rendered":"http:\/\/lemuseedelacolo.fr\/?page_id=388"},"modified":"2017-09-06T17:16:41","modified_gmt":"2017-09-06T16:16:41","slug":"avril-2013","status":"publish","type":"page","link":"https:\/\/lemuseedelacolo.fr\/?page_id=388","title":{"rendered":"2013-4 avril : film vues fixes Tintin au Congo"},"content":{"rendered":"<p style=\"text-align: justify;\"><span style=\"color: #ff0000;\">La premi\u00e8re projection de Tintin<\/span><\/p>\n<p style=\"text-align: justify;\">Si nous avons pu voir r\u00e9cemment le nouveau film de<span style=\"color: #ff0000;\"> Tintin<\/span>, si nous avons vu aussi les dessins anim\u00e9s, voire les films pr\u00e9c\u00e9dents, on oublie que\u00a0par les centres de loisirs (enfin un des anc\u00eatres) que Tintin est arriv\u00e9 en France.<\/p>\n<p style=\"text-align: justify;\">Il a d&rsquo;abord \u00e9t\u00e9 diffus\u00e9 par le <span style=\"color: #ff0000;\">journal Coeurs-Vaillants<\/span>. Puis le mouvement, probablement en 1938, a d\u00e9cid\u00e9 d&rsquo;utiliser les dessins pour les projeter sous la forme de films de vues fixes, un peu comme des diapositives, mais li\u00e9es ensembles, sous la forme d&rsquo;un film.<\/p>\n<p style=\"text-align: justify;\">Pour l&rsquo;ensemble de <span style=\"color: #ff0000;\">Tintin au Congo<\/span>, il a fallu 8 bobines, en mettant deux images par vue.<\/p>\n<p style=\"text-align: justify;\"><a href=\"https:\/\/lemuseedelacolo.fr\/wp-content\/uploads\/2013\/04\/img025.jpg\"><img loading=\"lazy\" decoding=\"async\" class=\"aligncenter size-full wp-image-389\" title=\"img025\" src=\"https:\/\/lemuseedelacolo.fr\/wp-content\/uploads\/2013\/04\/img025.jpg\" alt=\"\" width=\"267\" height=\"207\" \/><\/a><\/p>\n<p style=\"text-align: justify;\">Le mouvement a ajout\u00e9 un titre (qui ne semble pas \u00eatre du crayon d&rsquo;Herg\u00e9) et plusieurs diapos (sur les bobines impaires) avec des chants et des textes Coeurs-Vaillants.<\/p>\n<p>Il semblerait qu&rsquo;Herg\u00e9 n&rsquo;ait pas \u00e9t\u00e9 inform\u00e9 de cette utilisation de ses dessins.<\/p>\n<p>la premi\u00e8re image : <a href=\"https:\/\/lemuseedelacolo.fr\/wp-content\/uploads\/2013\/04\/img048.jpg\"><img loading=\"lazy\" decoding=\"async\" class=\"alignright size-medium wp-image-390\" title=\"img048\" src=\"https:\/\/lemuseedelacolo.fr\/wp-content\/uploads\/2013\/04\/img048-300x156.jpg\" alt=\"\" width=\"300\" height=\"156\" srcset=\"https:\/\/lemuseedelacolo.fr\/wp-content\/uploads\/2013\/04\/img048-300x156.jpg 300w, https:\/\/lemuseedelacolo.fr\/wp-content\/uploads\/2013\/04\/img048-1024x534.jpg 1024w\" sizes=\"auto, (max-width: 300px) 100vw, 300px\" \/><\/a><\/p>\n<p>&nbsp;<\/p>\n<p>&nbsp;<\/p>\n","protected":false},"excerpt":{"rendered":"<p>La premi\u00e8re projection de Tintin Si nous avons pu voir r\u00e9cemment le nouveau film de Tintin, si nous avons vu aussi les dessins anim\u00e9s, voire les films pr\u00e9c\u00e9dents, on oublie que\u00a0par les centres de loisirs (enfin un des anc\u00eatres) que Tintin est arriv\u00e9 en France. Il a d&rsquo;abord \u00e9t\u00e9 diffus\u00e9 par le journal Coeurs-Vaillants. Puis [&hellip;]<\/p>\n","protected":false},"author":3,"featured_media":0,"parent":915,"menu_order":0,"comment_status":"open","ping_status":"open","template":"","meta":{"footnotes":""},"class_list":["post-388","page","type-page","status-publish","hentry"],"_links":{"self":[{"href":"https:\/\/lemuseedelacolo.fr\/index.php?rest_route=\/wp\/v2\/pages\/388","targetHints":{"allow":["GET"]}}],"collection":[{"href":"https:\/\/lemuseedelacolo.fr\/index.php?rest_route=\/wp\/v2\/pages"}],"about":[{"href":"https:\/\/lemuseedelacolo.fr\/index.php?rest_route=\/wp\/v2\/types\/page"}],"author":[{"embeddable":true,"href":"https:\/\/lemuseedelacolo.fr\/index.php?rest_route=\/wp\/v2\/users\/3"}],"replies":[{"embeddable":true,"href":"https:\/\/lemuseedelacolo.fr\/index.php?rest_route=%2Fwp%2Fv2%2Fcomments&post=388"}],"version-history":[{"count":6,"href":"https:\/\/lemuseedelacolo.fr\/index.php?rest_route=\/wp\/v2\/pages\/388\/revisions"}],"predecessor-version":[{"id":918,"href":"https:\/\/lemuseedelacolo.fr\/index.php?rest_route=\/wp\/v2\/pages\/388\/revisions\/918"}],"up":[{"embeddable":true,"href":"https:\/\/lemuseedelacolo.fr\/index.php?rest_route=\/wp\/v2\/pages\/915"}],"wp:attachment":[{"href":"https:\/\/lemuseedelacolo.fr\/index.php?rest_route=%2Fwp%2Fv2%2Fmedia&parent=388"}],"curies":[{"name":"wp","href":"https:\/\/api.w.org\/{rel}","templated":true}]}}

<p style="text-align: justify;"><span style="color: #ff0000;">La première projection de Tintin</span></p>
<p style="text-align: justify;">Si nous avons pu voir récemment le nouveau film de<span style="color: #ff0000;"> Tintin</span>, si nous avons vu aussi les dessins animés, voire les films précédents, on oublie que par les centres de loisirs (enfin un des ancêtres) que Tintin est arrivé en France.</p>
<p style="text-align: justify;">Il a d&rsquo;abord été diffusé par le <span style="color: #ff0000;">journal Coeurs-Vaillants</span>. Puis le mouvement, probablement en 1938, a décidé d&rsquo;utiliser les dessins pour les projeter sous la forme de films de vues fixes, un peu comme des diapositives, mais liées ensembles, sous la forme d&rsquo;un film.</p>
<p style="text-align: justify;">Pour l&rsquo;ensemble de <span style="color: #ff0000;">Tintin au Congo</span>, il a fallu 8 bobines, en mettant deux images par vue.</p>
<p style="text-align: justify;"><a href="https://lemuseedelacolo.fr/wp-content/uploads/2013/04/img025.jpg"><img loading="lazy" decoding="async" class="aligncenter size-full wp-image-389" title="img025" src="https://lemuseedelacolo.fr/wp-content/uploads/2013/04/img025.jpg" alt="" width="267" height="207" /></a></p>
<p style="text-align: justify;">Le mouvement a ajouté un titre (qui ne semble pas être du crayon d&rsquo;Hergé) et plusieurs diapos (sur les bobines impaires) avec des chants et des textes Coeurs-Vaillants.</p>
<p>Il semblerait qu&rsquo;Hergé n&rsquo;ait pas été informé de cette utilisation de ses dessins.</p>
<p>la première image : <a href="https://lemuseedelacolo.fr/wp-content/uploads/2013/04/img048.jpg"><img loading="lazy" decoding="async" class="alignright size-medium wp-image-390" title="img048" src="https://lemuseedelacolo.fr/wp-content/uploads/2013/04/img048-300x156.jpg" alt="" width="300" height="156" srcset="https://lemuseedelacolo.fr/wp-content/uploads/2013/04/img048-300x156.jpg 300w, https://lemuseedelacolo.fr/wp-content/uploads/2013/04/img048-1024x534.jpg 1024w" sizes="auto, (max-width: 300px) 100vw, 300px" /></a></p>
<p>&nbsp;</p>
<p>&nbsp;</p>

<p>La première projection de Tintin Si nous avons pu voir récemment le nouveau film de Tintin, si nous avons vu aussi les dessins animés, voire les films précédents, on oublie que par les centres de loisirs (enfin un des ancêtres) que Tintin est arrivé en France. Il a d&rsquo;abord été diffusé par le journal Coeurs-Vaillants. Puis [&hellip;]</p>
