{"id":378,"date":"2013-03-29T19:14:49","date_gmt":"2013-03-29T18:14:49","guid":{"rendered":"http:\/\/lemuseedelacolo.fr\/?page_id=378"},"modified":"2013-03-29T19:14:53","modified_gmt":"2013-03-29T18:14:53","slug":"telligo-des-colos-a-gogo-ou-des-colos-pour-gogos","status":"publish","type":"page","link":"https:\/\/lemuseedelacolo.fr\/?page_id=378","title":{"rendered":"Telligo, des colos \u00e0 gogo ou des colos pour gogos ?"},"content":{"rendered":"<p style=\"text-align: justify;\">L&rsquo;ambition de ce site n&rsquo;est pas de critiquer les actions ou les organisateurs de colos, mais parfois il est n\u00e9cessaire de prendre une position.<\/p>\n<p style=\"text-align: justify;\">Je ne souhaite pas critiquer l&rsquo;un ou l&rsquo;autre, mais je suis parent de deux enfants, et bien qu&rsquo;ils n&rsquo;aient jamais fait de s\u00e9jour avec Telligo, nous avons re\u00e7u cette ann\u00e9e trois catalogues identiques. J&rsquo;ai fini par les lire !<\/p>\n<p style=\"text-align: justify;\">J&rsquo;ai compris dans un premier temps quel \u00e9tait le public vis\u00e9. Il s&rsquo;agit des parents qui abonnent leurs enfants \u00e0 des revues. Autrement dit, Telligo ach\u00e8te des listings d&rsquo;une certaine cat\u00e9gorie d&rsquo;enfants (et tant pis si les enfants ont plusieurs abonnement, ils auront plusieurs catalogues).<\/p>\n<p style=\"text-align: justify;\">J&rsquo;ai toujours beaucoup de mal avec ceux qui se comparent aux autres, surtout quand il s&rsquo;agit de se mettre en avant. Les autres colos c&rsquo;est agr\u00e9able mais sans originalit\u00e9. \u00ab\u00a0C&rsquo;\u00e9tait probablement les m\u00eames jeux et activit\u00e9s quel que soit le lieu o\u00f9 vous vous trouviez\u00a0\u00bb.\u00a0 alors que nous \u00ab\u00a0nous sommes les v\u00e9ritables inventeurs de ces s\u00e9jours in\u00e9dits\u00a0\u00bb.<\/p>\n<p style=\"text-align: justify;\">Cela am\u00e8ne naturellement \u00e0 plusieurs commentaires :<\/p>\n<p style=\"text-align: justify;\">&#8211; pour savoir si l&rsquo;on est inventeur, il faudrait conna\u00eetre ce qu&rsquo;il se passait. Pour ma part, par exemple, j&rsquo;ai connu les centres de vacances du Space Camp de Patrick Baudry (\u00e0 Cannes), je pense que le s\u00e9jour \u00ab\u00a0objectif spationaute\u00a0\u00bb (p13) fait plus que s&rsquo;en inspirer et c&rsquo;est pareil pour de nombreux s\u00e9jours o\u00f9 les th\u00e8mes ont \u00e9t\u00e9 utilis\u00e9s par des animateurs ou par des clubs (comme le s\u00e9jours \u00ab\u00a064 cases\u00a0\u00bb o\u00f9 les enfants jouent aux \u00e9checs au moins 2h30 par jour)\u00a0;<\/p>\n<p style=\"text-align: justify;\">&#8211; quant aux activit\u00e9s en dehors des th\u00e8mes : piscine, accrobranche&#8230; ce n&rsquo;est pas tr\u00e8s original ;<\/p>\n<p style=\"text-align: justify;\">&#8211; Telligo se pr\u00e9sente comme innovant, mais le planning pr\u00e9sent\u00e9 p 4, laisse \u00e0 voir des colos bien traditionnelles, proches d&rsquo;un mod\u00e8le scolaire (un r\u00e9veil \u00e0 heure fixe, des temps d&rsquo;activit\u00e9s au quart d&rsquo;heure pr\u00e8s, des temps libres&#8230;).<\/p>\n<p style=\"text-align: justify;\">J&rsquo;ai aussi compris que Telligo est une entreprise au sens traditionnel du terme (un centre de profit). Le co\u00fbt des s\u00e9jours montre bien qu&rsquo;ils sont r\u00e9serv\u00e9s \u00e0 un public ais\u00e9, d&rsquo;autant plus qu&rsquo;il faut ajouter des frais de transport et comme le recrutement se fait dans toute la France &#8230; Ils peuvent parfois co\u00fbter plus de la moiti\u00e9 du co\u00fbt du s\u00e9jour. Pour que mon fils puisse jouer aux \u00e9checs 8 jours \u00e0 la Toussaint 2013, je devrai payer 619 \u20ac pour le s\u00e9jour\u00a0+ 21 \u20ac d&rsquo;assurance + 436 \u20ac pour le transport (j&rsquo;habite \u00e0 Nice) soit un co\u00fbt de 1076 \u20ac, plus de 120 \u20ac par jour. cela fait cher pour jouer aux \u00e9checs.\u00a0Il faut bien payer les nombreux (trop ?) catalogues.<\/p>\n<p style=\"text-align: justify;\">Bien \u00e9videmment, je n&rsquo;ai pas envoy\u00e9 mes enfants chez Telligo. Je ne sais pas comment se passe le s\u00e9jour, et je pense s\u00e9rieusement que les enfants sont bien encadr\u00e9s et qu&rsquo;ils s&rsquo;amusent bien (je ne suis, par contre, pas s\u00fbr qu&rsquo;ils soient en vacances).<\/p>\n<p style=\"text-align: justify;\">Si Telligo a invent\u00e9 quelque chose, c&rsquo;est surement un mode de commercialisation (un peu agressif). On verra bien si cela dure.<\/p>\n<p style=\"text-align: justify;\">Eric Carton, Pr\u00e9sident du Mus\u00e9e de la Colo<\/p>\n<p style=\"text-align: justify;\">\n","protected":false},"excerpt":{"rendered":"<p>L&rsquo;ambition de ce site n&rsquo;est pas de critiquer les actions ou les organisateurs de colos, mais parfois il est n\u00e9cessaire de prendre une position. Je ne souhaite pas critiquer l&rsquo;un ou l&rsquo;autre, mais je suis parent de deux enfants, et bien qu&rsquo;ils n&rsquo;aient jamais fait de s\u00e9jour avec Telligo, nous avons re\u00e7u cette ann\u00e9e trois [&hellip;]<\/p>\n","protected":false},"author":3,"featured_media":0,"parent":356,"menu_order":0,"comment_status":"open","ping_status":"open","template":"","meta":{"footnotes":""},"class_list":["post-378","page","type-page","status-publish","hentry"],"_links":{"self":[{"href":"https:\/\/lemuseedelacolo.fr\/index.php?rest_route=\/wp\/v2\/pages\/378","targetHints":{"allow":["GET"]}}],"collection":[{"href":"https:\/\/lemuseedelacolo.fr\/index.php?rest_route=\/wp\/v2\/pages"}],"about":[{"href":"https:\/\/lemuseedelacolo.fr\/index.php?rest_route=\/wp\/v2\/types\/page"}],"author":[{"embeddable":true,"href":"https:\/\/lemuseedelacolo.fr\/index.php?rest_route=\/wp\/v2\/users\/3"}],"replies":[{"embeddable":true,"href":"https:\/\/lemuseedelacolo.fr\/index.php?rest_route=%2Fwp%2Fv2%2Fcomments&post=378"}],"version-history":[{"count":2,"href":"https:\/\/lemuseedelacolo.fr\/index.php?rest_route=\/wp\/v2\/pages\/378\/revisions"}],"predecessor-version":[{"id":380,"href":"https:\/\/lemuseedelacolo.fr\/index.php?rest_route=\/wp\/v2\/pages\/378\/revisions\/380"}],"up":[{"embeddable":true,"href":"https:\/\/lemuseedelacolo.fr\/index.php?rest_route=\/wp\/v2\/pages\/356"}],"wp:attachment":[{"href":"https:\/\/lemuseedelacolo.fr\/index.php?rest_route=%2Fwp%2Fv2%2Fmedia&parent=378"}],"curies":[{"name":"wp","href":"https:\/\/api.w.org\/{rel}","templated":true}]}}