{"id":240,"date":"2012-11-25T18:40:08","date_gmt":"2012-11-25T17:40:08","guid":{"rendered":"http:\/\/lemuseedelacolo.fr\/?page_id=240"},"modified":"2012-11-25T18:56:15","modified_gmt":"2012-11-25T17:56:15","slug":"des-films-sur-les-colos","status":"publish","type":"page","link":"https:\/\/lemuseedelacolo.fr\/?page_id=240","title":{"rendered":"Des films sur les colos"},"content":{"rendered":"<p style=\"text-align: justify;\">Plusieurs personnes ou groupes de personnes travaillent \u00e0 la sauvegarde de films r\u00e9alis\u00e9s en centres de vacances (les souvenirs) ou pour en assurer leur promotion.<\/p>\n<p style=\"text-align: justify;\">Parmi les films commercialis\u00e9s, citons \u00ab\u00a0<span style=\"color: #ff0000;\">Les colos du coll\u00e8ge<\/span>\u00ab\u00a0<\/p>\n<p style=\"text-align: justify;\">Le film porte sur des colos organis\u00e9es par un coll\u00e8ge de Tourcoing dans les ann\u00e9es 70-80. H\u00e9las, il montre aussi que ces colos se sont arr\u00eat\u00e9es. Le film permet de comprendre la vie, l&rsquo;ambiance qu&rsquo;il pouvait y avoir.<\/p>\n<p style=\"text-align: justify;\"><a href=\"https:\/\/lemuseedelacolo.fr\/wp-content\/uploads\/2012\/11\/film-colo-0012.jpg\"><img loading=\"lazy\" decoding=\"async\" class=\"alignleft size-medium wp-image-250\" title=\"film colo 001\" src=\"https:\/\/lemuseedelacolo.fr\/wp-content\/uploads\/2012\/11\/film-colo-0012-216x300.jpg\" alt=\"\" width=\"216\" height=\"300\" srcset=\"https:\/\/lemuseedelacolo.fr\/wp-content\/uploads\/2012\/11\/film-colo-0012-216x300.jpg 216w, https:\/\/lemuseedelacolo.fr\/wp-content\/uploads\/2012\/11\/film-colo-0012-738x1024.jpg 738w, https:\/\/lemuseedelacolo.fr\/wp-content\/uploads\/2012\/11\/film-colo-0012.jpg 1070w\" sizes=\"auto, (max-width: 216px) 100vw, 216px\" \/><\/a><a href=\"https:\/\/lemuseedelacolo.fr\/wp-content\/uploads\/2012\/11\/film-colo-002.jpg\"><img loading=\"lazy\" decoding=\"async\" class=\"alignright  wp-image-242\" title=\"film colo 002\" src=\"https:\/\/lemuseedelacolo.fr\/wp-content\/uploads\/2012\/11\/film-colo-002-215x300.jpg\" alt=\"\" width=\"270\" height=\"295\" \/><\/a><\/p>\n<p style=\"text-align: justify;\">\u00a0Le film est bien mont\u00e9, clair et dure 20 mn. Il a \u00e9t\u00e9 \u00e9crit par Yves Decroix.<\/p>\n<p style=\"text-align: justify;\">Le co\u00fbt est de 10 \u20ac + 1.5 \u20ac de frais d\u2019envoi (\u00e0 commander aupr\u00e8s de l\u2019association Dock 54, 54 rue de Calais, 59200 Tourcoing).<\/p>\n<p style=\"text-align: justify;\">Parmi les sp\u00e9cialistes des films, il y a le site <span style=\"color: #ff0000;\">retro-colo.fr<\/span> qui met en ligne des films et des photos.<\/p>\n<p style=\"text-align: justify;\">Parmi les sp\u00e9cialistes des archives, le <span style=\"color: #ff0000;\">PAJEP<\/span> organise r\u00e9guli\u00e9rement des projections d&rsquo;anciens films.<\/p>\n<p>&nbsp;<\/p>\n<p>&nbsp;<\/p>\n","protected":false},"excerpt":{"rendered":"<p>Plusieurs personnes ou groupes de personnes travaillent \u00e0 la sauvegarde de films r\u00e9alis\u00e9s en centres de vacances (les souvenirs) ou pour en assurer leur promotion. Parmi les films commercialis\u00e9s, citons \u00ab\u00a0Les colos du coll\u00e8ge\u00ab\u00a0 Le film porte sur des colos organis\u00e9es par un coll\u00e8ge de Tourcoing dans les ann\u00e9es 70-80. H\u00e9las, il montre aussi que [&hellip;]<\/p>\n","protected":false},"author":3,"featured_media":0,"parent":202,"menu_order":0,"comment_status":"open","ping_status":"open","template":"","meta":{"footnotes":""},"class_list":["post-240","page","type-page","status-publish","hentry"],"_links":{"self":[{"href":"https:\/\/lemuseedelacolo.fr\/index.php?rest_route=\/wp\/v2\/pages\/240","targetHints":{"allow":["GET"]}}],"collection":[{"href":"https:\/\/lemuseedelacolo.fr\/index.php?rest_route=\/wp\/v2\/pages"}],"about":[{"href":"https:\/\/lemuseedelacolo.fr\/index.php?rest_route=\/wp\/v2\/types\/page"}],"author":[{"embeddable":true,"href":"https:\/\/lemuseedelacolo.fr\/index.php?rest_route=\/wp\/v2\/users\/3"}],"replies":[{"embeddable":true,"href":"https:\/\/lemuseedelacolo.fr\/index.php?rest_route=%2Fwp%2Fv2%2Fcomments&post=240"}],"version-history":[{"count":8,"href":"https:\/\/lemuseedelacolo.fr\/index.php?rest_route=\/wp\/v2\/pages\/240\/revisions"}],"predecessor-version":[{"id":252,"href":"https:\/\/lemuseedelacolo.fr\/index.php?rest_route=\/wp\/v2\/pages\/240\/revisions\/252"}],"up":[{"embeddable":true,"href":"https:\/\/lemuseedelacolo.fr\/index.php?rest_route=\/wp\/v2\/pages\/202"}],"wp:attachment":[{"href":"https:\/\/lemuseedelacolo.fr\/index.php?rest_route=%2Fwp%2Fv2%2Fmedia&parent=240"}],"curies":[{"name":"wp","href":"https:\/\/api.w.org\/{rel}","templated":true}]}}