{"id":14,"date":"2012-10-29T23:49:24","date_gmt":"2012-10-29T22:49:24","guid":{"rendered":"http:\/\/lemuseedelacolo.fr\/?page_id=14"},"modified":"2015-01-14T18:34:59","modified_gmt":"2015-01-14T17:34:59","slug":"test","status":"publish","type":"page","link":"https:\/\/lemuseedelacolo.fr\/?page_id=14","title":{"rendered":"Le fonds Buchard"},"content":{"rendered":"<p>Edmont Buchard a \u00e9t\u00e9 animateur puis directeur de colo entre 1956 et les ann\u00e9es 2000. Il a aussi \u00e9t\u00e9 formateur b\u00e9n\u00e9vole pour l&rsquo;Ufcv C\u00f4te d&rsquo;Azur pendant plus de 50 ans. Sa vie d&rsquo;animateur, plus que b\u00e9n\u00e9vole, a \u00e9t\u00e9 publi\u00e9e dans le livre \u00ab\u00a0l&rsquo;animation, parcours de professionnels\u00a0\u00bb (E. Carton et E. Daragon, \u00e9d L&rsquo;Harmattan, 2013).<\/p>\n<p>Edmond a offert au Mus\u00e9e de la colo une importante collection d&rsquo;objets mais aussi de photos et de diapositives qui ont toutes \u00e9t\u00e9 num\u00e9ris\u00e9es.<\/p>\n<p>Le fonds Buchard comprend : 846 diapos et 1207 photos issues de 16 Albums. Il y a aussi des films en 8 mm. Le tout date de 1957 \u00e0 1990 et vient d&rsquo;Esparron sur Verdon et de Sospel, colonies de vacances de l&rsquo;association \u00ab\u00a0La Fl\u00e8che\u00a0\u00bb.<\/p>\n<p>C&rsquo;est ce fonds qui a \u00e9t\u00e9 utilis\u00e9 pour l&rsquo;ouvrage \u00ab\u00a0Les colonies de vacances\u00a0\u00bb de Mathias Gardet (2014).<\/p>\n<p>Une photo de la colo d&rsquo;Esparron sur Verdon en 1969 (dans le Ch\u00e2teau du Marquis de Castellane)<\/p>\n<p style=\"text-align: center;\"><a href=\"https:\/\/lemuseedelacolo.fr\/wp-content\/uploads\/2012\/10\/img412.jpg\" target=\"_blank\"><img loading=\"lazy\" decoding=\"async\" class=\"aligncenter size-medium wp-image-174\" title=\"img412\" src=\"https:\/\/lemuseedelacolo.fr\/wp-content\/uploads\/2012\/10\/img412-300x199.jpg\" alt=\"\" width=\"300\" height=\"199\" srcset=\"https:\/\/lemuseedelacolo.fr\/wp-content\/uploads\/2012\/10\/img412-300x199.jpg 300w, https:\/\/lemuseedelacolo.fr\/wp-content\/uploads\/2012\/10\/img412-1024x682.jpg 1024w, https:\/\/lemuseedelacolo.fr\/wp-content\/uploads\/2012\/10\/img412.jpg 1799w\" sizes=\"auto, (max-width: 300px) 100vw, 300px\" \/><\/a><\/p>\n","protected":false},"excerpt":{"rendered":"<p>Edmont Buchard a \u00e9t\u00e9 animateur puis directeur de colo entre 1956 et les ann\u00e9es 2000. Il a aussi \u00e9t\u00e9 formateur b\u00e9n\u00e9vole pour l&rsquo;Ufcv C\u00f4te d&rsquo;Azur pendant plus de 50 ans. Sa vie d&rsquo;animateur, plus que b\u00e9n\u00e9vole, a \u00e9t\u00e9 publi\u00e9e dans le livre \u00ab\u00a0l&rsquo;animation, parcours de professionnels\u00a0\u00bb (E. Carton et E. Daragon, \u00e9d L&rsquo;Harmattan, 2013). Edmond [&hellip;]<\/p>\n","protected":false},"author":3,"featured_media":0,"parent":7,"menu_order":0,"comment_status":"closed","ping_status":"closed","template":"","meta":{"footnotes":""},"class_list":["post-14","page","type-page","status-publish","hentry"],"_links":{"self":[{"href":"https:\/\/lemuseedelacolo.fr\/index.php?rest_route=\/wp\/v2\/pages\/14","targetHints":{"allow":["GET"]}}],"collection":[{"href":"https:\/\/lemuseedelacolo.fr\/index.php?rest_route=\/wp\/v2\/pages"}],"about":[{"href":"https:\/\/lemuseedelacolo.fr\/index.php?rest_route=\/wp\/v2\/types\/page"}],"author":[{"embeddable":true,"href":"https:\/\/lemuseedelacolo.fr\/index.php?rest_route=\/wp\/v2\/users\/3"}],"replies":[{"embeddable":true,"href":"https:\/\/lemuseedelacolo.fr\/index.php?rest_route=%2Fwp%2Fv2%2Fcomments&post=14"}],"version-history":[{"count":15,"href":"https:\/\/lemuseedelacolo.fr\/index.php?rest_route=\/wp\/v2\/pages\/14\/revisions"}],"predecessor-version":[{"id":778,"href":"https:\/\/lemuseedelacolo.fr\/index.php?rest_route=\/wp\/v2\/pages\/14\/revisions\/778"}],"up":[{"embeddable":true,"href":"https:\/\/lemuseedelacolo.fr\/index.php?rest_route=\/wp\/v2\/pages\/7"}],"wp:attachment":[{"href":"https:\/\/lemuseedelacolo.fr\/index.php?rest_route=%2Fwp%2Fv2%2Fmedia&parent=14"}],"curies":[{"name":"wp","href":"https:\/\/api.w.org\/{rel}","templated":true}]}}

<p>Edmont Buchard a été animateur puis directeur de colo entre 1956 et les années 2000. Il a aussi été formateur bénévole pour l&rsquo;Ufcv Côte d&rsquo;Azur pendant plus de 50 ans. Sa vie d&rsquo;animateur, plus que bénévole, a été publiée dans le livre « l&rsquo;animation, parcours de professionnels » (E. Carton et E. Daragon, éd L&rsquo;Harmattan, 2013).</p>
<p>Edmond a offert au Musée de la colo une importante collection d&rsquo;objets mais aussi de photos et de diapositives qui ont toutes été numérisées.</p>
<p>Le fonds Buchard comprend : 846 diapos et 1207 photos issues de 16 Albums. Il y a aussi des films en 8 mm. Le tout date de 1957 à 1990 et vient d&rsquo;Esparron sur Verdon et de Sospel, colonies de vacances de l&rsquo;association « La Flèche ».</p>
<p>C&rsquo;est ce fonds qui a été utilisé pour l&rsquo;ouvrage « Les colonies de vacances » de Mathias Gardet (2014).</p>
<p>Une photo de la colo d&rsquo;Esparron sur Verdon en 1969 (dans le Château du Marquis de Castellane)</p>
<p style="text-align: center;"><a href="https://lemuseedelacolo.fr/wp-content/uploads/2012/10/img412.jpg" target="_blank"><img loading="lazy" decoding="async" class="aligncenter size-medium wp-image-174" title="img412" src="https://lemuseedelacolo.fr/wp-content/uploads/2012/10/img412-300x199.jpg" alt="" width="300" height="199" srcset="https://lemuseedelacolo.fr/wp-content/uploads/2012/10/img412-300x199.jpg 300w, https://lemuseedelacolo.fr/wp-content/uploads/2012/10/img412-1024x682.jpg 1024w, https://lemuseedelacolo.fr/wp-content/uploads/2012/10/img412.jpg 1799w" sizes="auto, (max-width: 300px) 100vw, 300px" /></a></p>

<p>Edmont Buchard a été animateur puis directeur de colo entre 1956 et les années 2000. Il a aussi été formateur bénévole pour l&rsquo;Ufcv Côte d&rsquo;Azur pendant plus de 50 ans. Sa vie d&rsquo;animateur, plus que bénévole, a été publiée dans le livre « l&rsquo;animation, parcours de professionnels » (E. Carton et E. Daragon, éd L&rsquo;Harmattan, 2013). Edmond [&hellip;]</p>
