{"id":121,"date":"2012-11-02T13:55:50","date_gmt":"2012-11-02T12:55:50","guid":{"rendered":"http:\/\/lemuseedelacolo.fr\/?page_id=121"},"modified":"2012-12-02T20:14:49","modified_gmt":"2012-12-02T19:14:49","slug":"le-musee-aujourdhui","status":"publish","type":"page","link":"https:\/\/lemuseedelacolo.fr\/?page_id=121","title":{"rendered":"le Mus\u00e9e aujourd&rsquo;hui"},"content":{"rendered":"<p style=\"text-align: justify;\"><span style=\"color: #ff0000;\">Que fait le Mus\u00e9e de la Colo aujourd&rsquo;hui ?<\/span><\/p>\n<p style=\"text-align: justify;\">L&rsquo;association continue \u00e0 regrouper des \u00e9l\u00e9ments sur l&rsquo;histoire des colos. Nous sollicitons r\u00e9guli\u00e8rement des organisateurs, des anciens&#8230; afin de r\u00e9cup\u00e9rer une partie de leurs souvenirs (objets, livres, photos&#8230;) et nous essayons les sauvegarder notamment en num\u00e9risant les documents. Nous avons, par exemple, num\u00e9ris\u00e9 plus de 4000 photos et diapositives ainsi que quelques films (en 16 mm et en super 8). Les documents sont regroup\u00e9s en fonds appel\u00e9s par le nom du donateur (ou de l&rsquo;organisme).<\/p>\n<p style=\"text-align: justify;\">L&rsquo;association met \u00e0 disposition une partie de ses objets, livres&#8230; lors de manifestations sp\u00e9cifiques. Ainsi nous avons pr\u00eat\u00e9 des objets lors des deux expositions organis\u00e9es par le d\u00e9partement Carri\u00e8res sociales de l&rsquo;I.U.T. de Nice en 2010 et 2012. Il devrait en \u00eatre de m\u00eame en 2013.<\/p>\n<p style=\"text-align: justify;\">Nous envisageons aussi de mettre les \u00e9l\u00e9ments num\u00e9ris\u00e9s \u00e0 disposition des chercheurs sur l&rsquo;animation qui ont souvent du mal \u00e0 trouver des \u00e9l\u00e9ments pratiques.<\/p>\n<p style=\"text-align: justify;\">Nous participons aussi \u00e0 divers colloques, symposium&#8230; sur le th\u00e8me des Colonies de vacances, mouvements de jeunesse&#8230;<\/p>\n<p style=\"text-align: justify;\">Plusieurs organismes essaient de sauvegarder les traces des centres de vacances, notamment le PAJEP pour tout ce qui est archive des associations de niveau national. Nous essayons bien s\u00fbr de nous compl\u00e9ter.<\/p>\n<p style=\"text-align: justify;\">Si vous avez des documents, des traces des colonies de vacances, des centres a\u00e9r\u00e9s, des mouvements de jeunesse et que vous \u00eates pr\u00eats \u00e0 les offrir \u00e0 la collectivit\u00e9, n&rsquo;h\u00e9sitez pas \u00e0 nous contacter (page contact). Par avance Merci.<\/p>\n","protected":false},"excerpt":{"rendered":"<p>Que fait le Mus\u00e9e de la Colo aujourd&rsquo;hui ? L&rsquo;association continue \u00e0 regrouper des \u00e9l\u00e9ments sur l&rsquo;histoire des colos. Nous sollicitons r\u00e9guli\u00e8rement des organisateurs, des anciens&#8230; afin de r\u00e9cup\u00e9rer une partie de leurs souvenirs (objets, livres, photos&#8230;) et nous essayons les sauvegarder notamment en num\u00e9risant les documents. Nous avons, par exemple, num\u00e9ris\u00e9 plus de 4000 [&hellip;]<\/p>\n","protected":false},"author":3,"featured_media":0,"parent":0,"menu_order":0,"comment_status":"open","ping_status":"closed","template":"onecolumn-page.php","meta":{"footnotes":""},"class_list":["post-121","page","type-page","status-publish","hentry"],"_links":{"self":[{"href":"https:\/\/lemuseedelacolo.fr\/index.php?rest_route=\/wp\/v2\/pages\/121","targetHints":{"allow":["GET"]}}],"collection":[{"href":"https:\/\/lemuseedelacolo.fr\/index.php?rest_route=\/wp\/v2\/pages"}],"about":[{"href":"https:\/\/lemuseedelacolo.fr\/index.php?rest_route=\/wp\/v2\/types\/page"}],"author":[{"embeddable":true,"href":"https:\/\/lemuseedelacolo.fr\/index.php?rest_route=\/wp\/v2\/users\/3"}],"replies":[{"embeddable":true,"href":"https:\/\/lemuseedelacolo.fr\/index.php?rest_route=%2Fwp%2Fv2%2Fcomments&post=121"}],"version-history":[{"count":11,"href":"https:\/\/lemuseedelacolo.fr\/index.php?rest_route=\/wp\/v2\/pages\/121\/revisions"}],"predecessor-version":[{"id":123,"href":"https:\/\/lemuseedelacolo.fr\/index.php?rest_route=\/wp\/v2\/pages\/121\/revisions\/123"}],"wp:attachment":[{"href":"https:\/\/lemuseedelacolo.fr\/index.php?rest_route=%2Fwp%2Fv2%2Fmedia&parent=121"}],"curies":[{"name":"wp","href":"https:\/\/api.w.org\/{rel}","templated":true}]}}