{"id":118,"date":"2012-11-02T13:46:24","date_gmt":"2012-11-02T12:46:24","guid":{"rendered":"http:\/\/lemuseedelacolo.fr\/?page_id=118"},"modified":"2014-03-08T15:41:49","modified_gmt":"2014-03-08T14:41:49","slug":"qui-sommes-nous","status":"publish","type":"page","link":"https:\/\/lemuseedelacolo.fr\/?page_id=118","title":{"rendered":"Qui sommes nous ?"},"content":{"rendered":"<p style=\"text-align: justify;\">En 1995, plusieurs formateurs b\u00e9n\u00e9voles de l&rsquo;Ufcv C\u00f4te d&rsquo;Azur ont d\u00e9cid\u00e9 de cr\u00e9er une association de jeunes \u00ab\u00a0Actanim\u00a0\u00bb. Cette association permettait \u00e0 des jeunes majeurs (et pas que des formateurs) d&rsquo;organiser des activit\u00e9s de loisirs sportifs, culturels&#8230;<\/p>\n<p style=\"text-align: justify;\">Parmi les projets, il y a eu la cr\u00e9ation d&rsquo;une exposition sur l&rsquo;histoire des colonies de vacances. Plusieurs membres d&rsquo;Actanim ont obtenu un financement dans le cadre d&rsquo;un \u00ab\u00a0D\u00e9fi-Jeunes\u00a0\u00bb. Et en juin 1996, l&rsquo;exposition a \u00e9t\u00e9 pr\u00e9sent\u00e9e durant un week-end pour la f\u00eate de l&rsquo;animation organis\u00e9e par l&rsquo;Ufcv C\u00f4te d&rsquo;Azur. L&rsquo;expostion a ensuite \u00e9t\u00e9 pr\u00eat\u00e9e au C.J.C.L. de Mandelieu-la Napoule pendant un mois.<\/p>\n<p style=\"text-align: justify;\">A la suite de ces deux expositions, plusieurs membres ont d\u00e9cid\u00e9 de cr\u00e9er une association \u00ab\u00a0Le Mus\u00e9e de la Colo\u00a0\u00bb en 1997. Voil\u00e0 donc 15 ans que nous r\u00e9cup\u00e9rons (sauvons ?) des objets, des livres, des documents&#8230; que nous stockons au mieux (dans des caves, garages&#8230; appartenant aux membres de l&rsquo;association).<\/p>\n<p style=\"text-align: justify;\">Le mus\u00e9e de la colo ne b\u00e9n\u00e9ficie d&rsquo;aucun financement, il n&rsquo;est rattach\u00e9 \u00e0 aucune f\u00e9d\u00e9ration (malgr\u00e9 les liens \u00e0 l&rsquo;origine\u00a0avec l&rsquo;Ufcv). Il se veut juste \u00eatre un lieu de regroupement, essayant notamment gr\u00e2ce au num\u00e9rique de sauvegarder et de mettre \u00e0 disposition des chercheurs et des animateurs des \u00e9l\u00e9ments de la vie des colos.<\/p>\n<p style=\"text-align: justify;\">Le Pr\u00e9sident<\/p>\n<p style=\"text-align: justify;\">Eric Carton<\/p>\n","protected":false},"excerpt":{"rendered":"<p>En 1995, plusieurs formateurs b\u00e9n\u00e9voles de l&rsquo;Ufcv C\u00f4te d&rsquo;Azur ont d\u00e9cid\u00e9 de cr\u00e9er une association de jeunes \u00ab\u00a0Actanim\u00a0\u00bb. Cette association permettait \u00e0 des jeunes majeurs (et pas que des formateurs) d&rsquo;organiser des activit\u00e9s de loisirs sportifs, culturels&#8230; Parmi les projets, il y a eu la cr\u00e9ation d&rsquo;une exposition sur l&rsquo;histoire des colonies de vacances. Plusieurs [&hellip;]<\/p>\n","protected":false},"author":3,"featured_media":0,"parent":0,"menu_order":0,"comment_status":"open","ping_status":"closed","template":"onecolumn-page.php","meta":{"footnotes":""},"class_list":["post-118","page","type-page","status-publish","hentry"],"_links":{"self":[{"href":"https:\/\/lemuseedelacolo.fr\/index.php?rest_route=\/wp\/v2\/pages\/118","targetHints":{"allow":["GET"]}}],"collection":[{"href":"https:\/\/lemuseedelacolo.fr\/index.php?rest_route=\/wp\/v2\/pages"}],"about":[{"href":"https:\/\/lemuseedelacolo.fr\/index.php?rest_route=\/wp\/v2\/types\/page"}],"author":[{"embeddable":true,"href":"https:\/\/lemuseedelacolo.fr\/index.php?rest_route=\/wp\/v2\/users\/3"}],"replies":[{"embeddable":true,"href":"https:\/\/lemuseedelacolo.fr\/index.php?rest_route=%2Fwp%2Fv2%2Fcomments&post=118"}],"version-history":[{"count":11,"href":"https:\/\/lemuseedelacolo.fr\/index.php?rest_route=\/wp\/v2\/pages\/118\/revisions"}],"predecessor-version":[{"id":643,"href":"https:\/\/lemuseedelacolo.fr\/index.php?rest_route=\/wp\/v2\/pages\/118\/revisions\/643"}],"wp:attachment":[{"href":"https:\/\/lemuseedelacolo.fr\/index.php?rest_route=%2Fwp%2Fv2%2Fmedia&parent=118"}],"curies":[{"name":"wp","href":"https:\/\/api.w.org\/{rel}","templated":true}]}}

<p style="text-align: justify;">En 1995, plusieurs formateurs bénévoles de l&rsquo;Ufcv Côte d&rsquo;Azur ont décidé de créer une association de jeunes « Actanim ». Cette association permettait à des jeunes majeurs (et pas que des formateurs) d&rsquo;organiser des activités de loisirs sportifs, culturels&#8230;</p>
<p style="text-align: justify;">Parmi les projets, il y a eu la création d&rsquo;une exposition sur l&rsquo;histoire des colonies de vacances. Plusieurs membres d&rsquo;Actanim ont obtenu un financement dans le cadre d&rsquo;un « Défi-Jeunes ». Et en juin 1996, l&rsquo;exposition a été présentée durant un week-end pour la fête de l&rsquo;animation organisée par l&rsquo;Ufcv Côte d&rsquo;Azur. L&rsquo;expostion a ensuite été prêtée au C.J.C.L. de Mandelieu-la Napoule pendant un mois.</p>
<p style="text-align: justify;">A la suite de ces deux expositions, plusieurs membres ont décidé de créer une association « Le Musée de la Colo » en 1997. Voilà donc 15 ans que nous récupérons (sauvons ?) des objets, des livres, des documents&#8230; que nous stockons au mieux (dans des caves, garages&#8230; appartenant aux membres de l&rsquo;association).</p>
<p style="text-align: justify;">Le musée de la colo ne bénéficie d&rsquo;aucun financement, il n&rsquo;est rattaché à aucune fédération (malgré les liens à l&rsquo;origine avec l&rsquo;Ufcv). Il se veut juste être un lieu de regroupement, essayant notamment grâce au numérique de sauvegarder et de mettre à disposition des chercheurs et des animateurs des éléments de la vie des colos.</p>
<p style="text-align: justify;">Le Président</p>
<p style="text-align: justify;">Eric Carton</p>

<p>En 1995, plusieurs formateurs bénévoles de l&rsquo;Ufcv Côte d&rsquo;Azur ont décidé de créer une association de jeunes « Actanim ». Cette association permettait à des jeunes majeurs (et pas que des formateurs) d&rsquo;organiser des activités de loisirs sportifs, culturels&#8230; Parmi les projets, il y a eu la création d&rsquo;une exposition sur l&rsquo;histoire des colonies de vacances. Plusieurs [&hellip;]</p>
