{"id":1106,"date":"2022-06-30T17:26:20","date_gmt":"2022-06-30T16:26:20","guid":{"rendered":"http:\/\/lemuseedelacolo.fr\/?page_id=1106"},"modified":"2025-07-09T19:36:02","modified_gmt":"2025-07-09T18:36:02","slug":"2022-06-un-mois-de-juin-charge","status":"publish","type":"page","link":"https:\/\/lemuseedelacolo.fr\/?page_id=1106","title":{"rendered":"2022 06 : Un mois de juin charg\u00e9"},"content":{"rendered":"\n<p>Au niveau de l&rsquo;Etat, nous avons eu fin mai un nouveau gouvernement mais sans responsable de la Jeunesse. Ce qui est tr\u00e8s g\u00eanant dans la mesure o\u00f9 il faudrait tr\u00e8s rapidement prendre quelques d\u00e9cisions fondamentales. Les inscriptions pour les s\u00e9jours de cet \u00e9t\u00e9 semblent \u00eatre un peu plus rapides et plus nombreuses que les ann\u00e9es pr\u00e9c\u00e9dentes, ce qui serait une  bonne nouvelle. Cependant, il est plus que temps de r\u00e9agir en ce qui concerne l&rsquo;encadrement. La baisse r\u00e9guli\u00e8re du nombre de jeunes en formation et la baisse exceptionnelle de l&rsquo;ann\u00e9e derni\u00e8re font craindre un manque d&rsquo;animateur titulaires du Bafa et en cours de formation. Ce n&rsquo;est pas le fait de pouvoir commencer la formation Bafa  partir de 16 ans (d\u00e8s d\u00e9but juillet) qui va changer la situation. Il faudrait, sans doute pr\u00e9voir des d\u00e9rogations, \u00e0 d\u00e9faut d&rsquo;avoir mis en place un dispositif efficace.<\/p>\n\n\n\n<p>Ce mois de juin est aussi le mois de l&rsquo;\u00e9ducation Populaire et de l&rsquo;animation. Le 15, la J.P.A. va organiser une journ\u00e9e sur l&rsquo;animation volontaire. Les 16 et 17 ce sera le Fonjep qui continue ses d\u00e9bats sur l&rsquo;\u00e9ducation populaire.<\/p>\n\n\n\n<p>Au niveau des Alpes-Maritimes, la mairie de Beausoleil va r\u00e9aliser une exposition sur la colonie Municipale qui a eu lieu sur plusieurs sites (dont surtout Peille et Peira-Cava). Il y aura aussi une exposition photos sur une colonie qui s&rsquo;est d\u00e9roul\u00e9e l&rsquo;ann\u00e9e derni\u00e8re. L&rsquo;inauguration est pr\u00e9vue le 24 juin. Le Mus\u00e9e de la colo est partenaire de cette exposition.<\/p>\n\n\n\n<figure class=\"wp-block-image size-large\"><a href=\"https:\/\/lemuseedelacolo.fr\/wp-content\/uploads\/2022\/06\/ESA-propo-affiche-3-OK-2-scaled.jpg\"><img loading=\"lazy\" decoding=\"async\" width=\"649\" height=\"1024\" src=\"https:\/\/lemuseedelacolo.fr\/wp-content\/uploads\/2022\/06\/ESA-propo-affiche-3-OK-2-649x1024.jpg\" alt=\"\" class=\"wp-image-1109\" srcset=\"https:\/\/lemuseedelacolo.fr\/wp-content\/uploads\/2022\/06\/ESA-propo-affiche-3-OK-2-649x1024.jpg 649w, https:\/\/lemuseedelacolo.fr\/wp-content\/uploads\/2022\/06\/ESA-propo-affiche-3-OK-2-190x300.jpg 190w, https:\/\/lemuseedelacolo.fr\/wp-content\/uploads\/2022\/06\/ESA-propo-affiche-3-OK-2-768x1212.jpg 768w, https:\/\/lemuseedelacolo.fr\/wp-content\/uploads\/2022\/06\/ESA-propo-affiche-3-OK-2-973x1536.jpg 973w, https:\/\/lemuseedelacolo.fr\/wp-content\/uploads\/2022\/06\/ESA-propo-affiche-3-OK-2-1298x2048.jpg 1298w, https:\/\/lemuseedelacolo.fr\/wp-content\/uploads\/2022\/06\/ESA-propo-affiche-3-OK-2-624x985.jpg 624w, https:\/\/lemuseedelacolo.fr\/wp-content\/uploads\/2022\/06\/ESA-propo-affiche-3-OK-2-scaled.jpg 1622w\" sizes=\"auto, (max-width: 649px) 100vw, 649px\" \/><\/a><\/figure>\n","protected":false},"excerpt":{"rendered":"<p>Au niveau de l&rsquo;Etat, nous avons eu fin mai un nouveau gouvernement mais sans responsable de la Jeunesse. Ce qui est tr\u00e8s g\u00eanant dans la mesure o\u00f9 il faudrait tr\u00e8s rapidement prendre quelques d\u00e9cisions fondamentales. Les inscriptions pour les s\u00e9jours de cet \u00e9t\u00e9 semblent \u00eatre un peu plus rapides et plus nombreuses que les ann\u00e9es [&hellip;]<\/p>\n","protected":false},"author":3,"featured_media":0,"parent":282,"menu_order":0,"comment_status":"closed","ping_status":"closed","template":"","meta":{"footnotes":""},"class_list":["post-1106","page","type-page","status-publish","hentry"],"_links":{"self":[{"href":"https:\/\/lemuseedelacolo.fr\/index.php?rest_route=\/wp\/v2\/pages\/1106","targetHints":{"allow":["GET"]}}],"collection":[{"href":"https:\/\/lemuseedelacolo.fr\/index.php?rest_route=\/wp\/v2\/pages"}],"about":[{"href":"https:\/\/lemuseedelacolo.fr\/index.php?rest_route=\/wp\/v2\/types\/page"}],"author":[{"embeddable":true,"href":"https:\/\/lemuseedelacolo.fr\/index.php?rest_route=\/wp\/v2\/users\/3"}],"replies":[{"embeddable":true,"href":"https:\/\/lemuseedelacolo.fr\/index.php?rest_route=%2Fwp%2Fv2%2Fcomments&post=1106"}],"version-history":[{"count":1,"href":"https:\/\/lemuseedelacolo.fr\/index.php?rest_route=\/wp\/v2\/pages\/1106\/revisions"}],"predecessor-version":[{"id":1110,"href":"https:\/\/lemuseedelacolo.fr\/index.php?rest_route=\/wp\/v2\/pages\/1106\/revisions\/1110"}],"up":[{"embeddable":true,"href":"https:\/\/lemuseedelacolo.fr\/index.php?rest_route=\/wp\/v2\/pages\/282"}],"wp:attachment":[{"href":"https:\/\/lemuseedelacolo.fr\/index.php?rest_route=%2Fwp%2Fv2%2Fmedia&parent=1106"}],"curies":[{"name":"wp","href":"https:\/\/api.w.org\/{rel}","templated":true}]}}